
{"id":11332,"date":"2024-04-08T23:25:16","date_gmt":"2024-04-08T21:25:16","guid":{"rendered":"https:\/\/cecile-delachaux.fr\/?page_id=11332"},"modified":"2024-04-17T15:13:07","modified_gmt":"2024-04-17T13:13:07","slug":"professionnels-et-entreprises","status":"publish","type":"page","link":"https:\/\/cecile-delachaux.fr\/index.php\/professionnels-et-entreprises\/","title":{"rendered":"Professionnels et entreprises"},"content":{"rendered":"\n<p>Bienvenue sur ma page d\u00e9di\u00e9e aux professionnels et aux entreprises !<br>Je suis heureuse d&#8217;offrir mes services et produits pour r\u00e9pondre aux besoins sp\u00e9cifiques des professionnels et des entreprises. <\/p>\n\n\n\n<p>Que vous soyez \u00e0 la recherche d&#8217;impressions de logo, de cadeaux personnalis\u00e9s pour vos clients ou vos employ\u00e9s, de v\u00eatements de travail comme des tabliers ou des sweats (&#8230;Etc), de pi\u00e8ces sp\u00e9cifiques en petites et moyennes quantit\u00e9s, ou m\u00eame des produits personnalis\u00e9s qui ne sont pas disponibles sur le site, n&#8217;h\u00e9sitez pas \u00e0 faire appel \u00e0 moi.<\/p>\n\n\n\n<p>Je peux cr\u00e9er des articles uniques et de haute qualit\u00e9 qui refl\u00e8tent l&#8217;image de votre entreprise. Que vous souhaitiez mettre en valeur votre marque, offrir des cadeaux personnalis\u00e9s ou fournir \u00e0 vos employ\u00e9s des v\u00eatements professionnels et peux vous accompagner dans cette d\u00e9marche.<\/p>\n\n\n\n<p>N&#8217;h\u00e9sitez pas \u00e0 me contacter pour discuter de vos besoins et obtenir un devis personnalis\u00e9.<br>Je suis l\u00e0 pour trouver avec vous des solutions adapt\u00e9es \u00e0 votre entreprise et \u00e0 vous fournir des produits de qualit\u00e9 qui r\u00e9pondent \u00e0 vos attentes.<\/p>\n\n\n\n<p><br>Merci de votre confiance et \u00e0 bient\u00f4t,<\/p>\n\n\n\n<p>C\u00e9cile<\/p>\n","protected":false},"excerpt":{"rendered":"<p>Bienvenue sur ma page d\u00e9di\u00e9e aux professionnels et aux entreprises !Je suis heureuse d&#8217;offrir mes services et produits pour r\u00e9pondre aux besoins sp\u00e9cifiques des professionnels et des entreprises. Que vous soyez \u00e0 la recherche d&#8217;impressions de logo, de cadeaux personnalis\u00e9s pour vos clients ou vos employ\u00e9s, de v\u00eatements de travail comme des tabliers ou des [&hellip;]<\/p>\n","protected":false},"author":2,"featured_media":0,"parent":0,"menu_order":0,"comment_status":"closed","ping_status":"closed","template":"","meta":{"footnotes":""},"class_list":["post-11332","page","type-page","status-publish","hentry"],"_links":{"self":[{"href":"https:\/\/cecile-delachaux.fr\/index.php\/wp-json\/wp\/v2\/pages\/11332","targetHints":{"allow":["GET"]}}],"collection":[{"href":"https:\/\/cecile-delachaux.fr\/index.php\/wp-json\/wp\/v2\/pages"}],"about":[{"href":"https:\/\/cecile-delachaux.fr\/index.php\/wp-json\/wp\/v2\/types\/page"}],"author":[{"embeddable":true,"href":"https:\/\/cecile-delachaux.fr\/index.php\/wp-json\/wp\/v2\/users\/2"}],"replies":[{"embeddable":true,"href":"https:\/\/cecile-delachaux.fr\/index.php\/wp-json\/wp\/v2\/comments?post=11332"}],"version-history":[{"count":2,"href":"https:\/\/cecile-delachaux.fr\/index.php\/wp-json\/wp\/v2\/pages\/11332\/revisions"}],"predecessor-version":[{"id":11362,"href":"https:\/\/cecile-delachaux.fr\/index.php\/wp-json\/wp\/v2\/pages\/11332\/revisions\/11362"}],"wp:attachment":[{"href":"https:\/\/cecile-delachaux.fr\/index.php\/wp-json\/wp\/v2\/media?parent=11332"}],"curies":[{"name":"wp","href":"https:\/\/api.w.org\/{rel}","templated":true}]}}