
{"id":3658,"date":"2018-12-29T12:20:44","date_gmt":"2018-12-29T11:20:44","guid":{"rendered":"https:\/\/cecile-delachaux.fr\/?page_id=3658"},"modified":"2022-05-14T00:01:11","modified_gmt":"2022-05-13T22:01:11","slug":"comment-passer-une-commande","status":"publish","type":"page","link":"https:\/\/cecile-delachaux.fr\/index.php\/comment-passer-une-commande\/","title":{"rendered":"Comment passer une commande ?"},"content":{"rendered":"\n<p>Vous avez un projet et vous souhaitez savoir quelles sont les \u00e9tapes pour la confection de votre future cr\u00e9ation : c&#8217;est ici !<\/p>\n\n\n\n<p>Vous pouvez proc\u00e9der de plusieurs fa\u00e7on pour me passer une commande. Toutes les commandes \u00e9tant personnalis\u00e9es, il y a toujours une \u00e9tape lors de laquelle je vous accompagne pour d\u00e9finir et finaliser votre projet.<\/p>\n\n\n\n<h3 class=\"wp-block-heading\">M\u00e9thode 1<\/h3>\n\n\n\n<ol class=\"wp-block-list\"><li>Vous passez une commande sur le site. Sur la page de chaque produit, vous avez la possibilit\u00e9 de pr\u00e9ciser certaines personnalisations si vous en avez d\u00e9j\u00e0 une id\u00e9e. Vous ne savez pas encore : aucun probl\u00e8me, vous pouvez pr\u00e9ciser que vous n&#8217;avez pas encore fait votre choix.<\/li><li>Une fois la commande pass\u00e9e, je vous contacte par e-mail ou IG pour finaliser votre cr\u00e9ation. <\/li><\/ol>\n\n\n\n<h3 class=\"wp-block-heading\">M\u00e9thode 2<\/h3>\n\n\n\n<ol class=\"wp-block-list\"><li>Vous pouvez \u00e9galement me contacter directement (<a href=\"https:\/\/www.instagram.com\/cecile.delachaux\/\">IG<\/a> ou <a href=\"mailto:contact@cecile-delachaux.fr\">e-mail<\/a>) pour que l&#8217;on d\u00e9finisse ensemble votre projet.<\/li><li>Une fois que vous \u00eates pr\u00eat.e \u00e0 passer commande : vous pouvez passer commande sur le site. \u00c0 l&#8217;\u00e9tape de validation de la commande, n&#8217;oubliez pas de pr\u00e9ciser votre pseudo IG ou l&#8217;adresse e-mail depuis laquelle nous avons \u00e9t\u00e9 en contact.  <\/li><\/ol>\n\n\n\n<p>A bient\u00f4t,<br>C\u00e9cile<br><\/p>\n","protected":false},"excerpt":{"rendered":"<p>Vous avez un projet et vous souhaitez savoir quelles sont les \u00e9tapes pour la confection de votre future cr\u00e9ation : c&#8217;est ici ! Vous pouvez proc\u00e9der de plusieurs fa\u00e7on pour me passer une commande. Toutes les commandes \u00e9tant personnalis\u00e9es, il y a toujours une \u00e9tape lors de laquelle je vous accompagne pour d\u00e9finir et finaliser [&hellip;]<\/p>\n","protected":false},"author":1,"featured_media":0,"parent":0,"menu_order":0,"comment_status":"closed","ping_status":"closed","template":"template-fullwidth.php","meta":{"footnotes":""},"class_list":["post-3658","page","type-page","status-publish","hentry"],"_links":{"self":[{"href":"https:\/\/cecile-delachaux.fr\/index.php\/wp-json\/wp\/v2\/pages\/3658","targetHints":{"allow":["GET"]}}],"collection":[{"href":"https:\/\/cecile-delachaux.fr\/index.php\/wp-json\/wp\/v2\/pages"}],"about":[{"href":"https:\/\/cecile-delachaux.fr\/index.php\/wp-json\/wp\/v2\/types\/page"}],"author":[{"embeddable":true,"href":"https:\/\/cecile-delachaux.fr\/index.php\/wp-json\/wp\/v2\/users\/1"}],"replies":[{"embeddable":true,"href":"https:\/\/cecile-delachaux.fr\/index.php\/wp-json\/wp\/v2\/comments?post=3658"}],"version-history":[{"count":2,"href":"https:\/\/cecile-delachaux.fr\/index.php\/wp-json\/wp\/v2\/pages\/3658\/revisions"}],"predecessor-version":[{"id":10123,"href":"https:\/\/cecile-delachaux.fr\/index.php\/wp-json\/wp\/v2\/pages\/3658\/revisions\/10123"}],"wp:attachment":[{"href":"https:\/\/cecile-delachaux.fr\/index.php\/wp-json\/wp\/v2\/media?parent=3658"}],"curies":[{"name":"wp","href":"https:\/\/api.w.org\/{rel}","templated":true}]}}