
{"id":55,"date":"2018-12-02T23:21:08","date_gmt":"2018-12-02T22:21:08","guid":{"rendered":"https:\/\/cecile-delachaux.fr\/?page_id=55"},"modified":"2022-05-13T23:58:30","modified_gmt":"2022-05-13T21:58:30","slug":"questions-frequentes","status":"publish","type":"page","link":"https:\/\/cecile-delachaux.fr\/index.php\/questions-frequentes\/","title":{"rendered":"Questions fr\u00e9quentes"},"content":{"rendered":"\n<h2 class=\"wp-block-heading\">Quels sont les d\u00e9lais ?<\/h2>\n\n\n\n<p>Le d\u00e9lai normal de r\u00e9alisation est d&#8217;environ un mois apr\u00e8s r\u00e8glement. Le paiement valide la commande. Il est toutefois possible de passer une commande en priorit\u00e9 (cf. question suivante).<\/p>\n\n\n\n<p>Une r\u00e9duction de 5% sur le montant des articles est appliqu\u00e9e lorsque vous acceptez une dur\u00e9e de confection en 90 jours.<\/p>\n\n\n\n<p>Tous les d\u00e9tails sont pr\u00e9cis\u00e9s dans les<a href=\"\/index.php\/conditions-generales-de-vente\/\"> Conditions g\u00e9n\u00e9rales de vente<\/a>.<\/p>\n\n\n\n<h2 class=\"wp-block-heading\">Puis-je passer une commande dans un d\u00e9lai plus court?<\/h2>\n\n\n\n<p>Des demandes prioritaires sont possibles. Si vous avez besoin d&#8217;un d\u00e9lai plus court que le d\u00e9lai normal, vous pouvez s\u00e9lectionner une option de confection en 15 jours sur la page de validation de la commande. &nbsp;Il faut alors compter une majoration sur le montant total de votre commande. Cette majoration est g\u00e9n\u00e9ralement de 20%. Elle varie selon les p\u00e9riodes de l&#8217;ann\u00e9e. Le montant appliqu\u00e9 le jour de votre commande est pr\u00e9cis\u00e9 sur la page de validation de votre commande.<\/p>\n\n\n\n<p>Pour une demande de r\u00e9alisation dans un d\u00e9lai inf\u00e9rieur \u00e0 15 jours, c&#8217;est parfois possible (la majoration appliqu\u00e9e reste identique que pour un d\u00e9lai de 15 jours). Vous devrez cependant <a href=\"mailto:contact@cecile-delachaux.fr\">me contacter<\/a> avant de passer votre  commande pour v\u00e9rifier qu&#8217;elle est r\u00e9alisable dans le d\u00e9lai souhait\u00e9 (la possibilit\u00e9 de r\u00e9aliser votre commande tr\u00e8s rapidement d\u00e9pend \u00e9galement de mon stock). <\/p>\n\n\n\n<p>Lors de certaines p\u00e9riodes de l&#8217;ann\u00e9e, il n&#8217;est pas possible de commander avec un d\u00e9lai de confection de 15 jours (notamment lors de certaines semaines de la p\u00e9riode estivale ainsi qu&#8217;en toute fin d&#8217;ann\u00e9e).<\/p>\n\n\n\n<h2 class=\"wp-block-heading\">Comment puis-je voir les tissus et motifs de broderie que vous proposez ?<\/h2>\n\n\n\n<p>Tous les tissus et motifs de broderie sont visibles sur le site internet, rubrique<a href=\"\/index.php\/personnalisation\/\"> Personnalisation<\/a>.<br>Si vous souhaitez un tissu ou motif particulier n\u2019h\u00e9sitez pas \u00e0  me contacter. Si je peux commander le tissu que vous souhaitez, je peux r\u00e9aliser votre commande m\u00eame si le tissu n&#8217;est pas disponible sur le site !<\/p>\n\n\n\n<h2 class=\"wp-block-heading\">Quels sont vos tarifs ?<\/h2>\n\n\n\n<p>Toutes les cr\u00e9ations sont uniques et sur-mesure :<\/p>\n\n\n\n<ul class=\"wp-block-list\"><li>pour les commandes les plus courantes, les tarifs sont disponibles dans la rubrique <a href=\"https:\/\/cecile-delachaux.fr\/index.php\/boutique\/\">Boutique <\/a>du site,<\/li><li>pour les commandes particuli\u00e8res, un contact pr\u00e9alable est n\u00e9cessaire pour que je vous propose un prix pour la r\u00e9alisation de votre projet.<\/li><\/ul>\n\n\n\n<h2 class=\"wp-block-heading\">Comment proc\u00e9dez-vous pour l\u2019envoi de la commande ?<\/h2>\n\n\n\n<p>Les frais de port d\u00e9pendent du poids de la commande, de la destination ainsi que du mode d\u2019envoi. Le d\u00e9tail des frais de livraison est pr\u00e9cis\u00e9 sur la <a href=\"https:\/\/cecile-delachaux.fr\/index.php\/frais-de-livraison\/\">page d\u00e9di\u00e9e<\/a>.<br><br>A noter que pour toute commande sup\u00e9rieure \u00e0 100 \u20ac \u00e0 destination de la France m\u00e9tropolitaine, les frais de livraison sont offerts !<\/p>\n\n\n\n<h2 class=\"wp-block-heading\">Comment puis-je r\u00e9gler ma commande ?<\/h2>\n\n\n\n<p>Vous pouvez effectuer le paiement par carte bancaire, ch\u00e8que ou virement. Le r\u00e8glement valide votre commande.<\/p>\n","protected":false},"excerpt":{"rendered":"<p>Quels sont les d\u00e9lais ? Le d\u00e9lai normal de r\u00e9alisation est d&#8217;environ un mois apr\u00e8s r\u00e8glement. Le paiement valide la commande. Il est toutefois possible de passer une commande en priorit\u00e9 (cf. question suivante). Une r\u00e9duction de 5% sur le montant des articles est appliqu\u00e9e lorsque vous acceptez une dur\u00e9e de confection en 90 jours. [&hellip;]<\/p>\n","protected":false},"author":1,"featured_media":0,"parent":0,"menu_order":0,"comment_status":"closed","ping_status":"closed","template":"template-fullwidth.php","meta":{"footnotes":""},"class_list":["post-55","page","type-page","status-publish","hentry"],"_links":{"self":[{"href":"https:\/\/cecile-delachaux.fr\/index.php\/wp-json\/wp\/v2\/pages\/55","targetHints":{"allow":["GET"]}}],"collection":[{"href":"https:\/\/cecile-delachaux.fr\/index.php\/wp-json\/wp\/v2\/pages"}],"about":[{"href":"https:\/\/cecile-delachaux.fr\/index.php\/wp-json\/wp\/v2\/types\/page"}],"author":[{"embeddable":true,"href":"https:\/\/cecile-delachaux.fr\/index.php\/wp-json\/wp\/v2\/users\/1"}],"replies":[{"embeddable":true,"href":"https:\/\/cecile-delachaux.fr\/index.php\/wp-json\/wp\/v2\/comments?post=55"}],"version-history":[{"count":3,"href":"https:\/\/cecile-delachaux.fr\/index.php\/wp-json\/wp\/v2\/pages\/55\/revisions"}],"predecessor-version":[{"id":10121,"href":"https:\/\/cecile-delachaux.fr\/index.php\/wp-json\/wp\/v2\/pages\/55\/revisions\/10121"}],"wp:attachment":[{"href":"https:\/\/cecile-delachaux.fr\/index.php\/wp-json\/wp\/v2\/media?parent=55"}],"curies":[{"name":"wp","href":"https:\/\/api.w.org\/{rel}","templated":true}]}}