
{"id":11666,"date":"2024-06-03T17:02:43","date_gmt":"2024-06-03T15:02:43","guid":{"rendered":"https:\/\/cecile-delachaux.fr\/?post_type=product&#038;p=11666"},"modified":"2026-03-20T12:24:26","modified_gmt":"2026-03-20T11:24:26","slug":"sac-cabas-a-personnaliser-copie","status":"publish","type":"product","link":"https:\/\/cecile-delachaux.fr\/index.php\/produit\/sac-cabas-a-personnaliser-copie\/","title":{"rendered":"Sac cabas &#8220;\u00e0 personnaliser&#8221;"},"content":{"rendered":"<p>Un cadeau unique pour la f\u00eate des m\u00e8res et des p\u00e8res.<\/p>\n<p>Une jolie id\u00e9e de cadeau de fin d&#8217;ann\u00e9e \u00e0 offrir \u00e0 un.e ma\u00eetre.sse, \u00e0 l&#8217;ATSEM, la nounou,&#8230;<\/p>\n<p>Tout simplement un cadeau pour faire plaisir ou se faire plaisir!<\/p>\n<p>C&#8217;est un sac cabas disponible en plusieurs coloris : terracotta, sauge, naturel, bleu marine, bleu jeans, noir.<\/p>\n<div id=\"product-details-description\" class=\"tab-pane active\">\n<div class=\"description\">\n<ul>\n<li>Coton biologique en conversion<\/li>\n<li>Composition 100% coton (140 g\/m\u00b2)<\/li>\n<li>Grande capacit\u00e9 : 18 litres<\/li>\n<li>Longueur de l&#8217;anse\u00a0: 58\u00a0cm<\/li>\n<\/ul>\n<\/div>\n<\/div>\n<p>Il peut se porter \u00e0 la main ou \u00e0 l&#8217;\u00e9paule.<\/p>\n<p>Dimensions : 35 x 39 x 13,5 cm .<\/p>\n<p>Le d\u00e9lai de confection standard est de 30 jours. Lors de validation de votre panier, ce d\u00e9lai peut \u00eatre r\u00e9duit \u00e0 15 jours (avec un surco\u00fbt de 20%).<\/p>\n<p>Je reste \u00e0 votre disposition pour vous conseiller.<\/p>\n<p>N\u2019h\u00e9sitez pas \u00e0 me contacter directement si vous avez des questions.<\/p>\n","protected":false},"excerpt":{"rendered":"<div class=\"woocommerce-product-details__short-description\">\n<div class=\"woocommerce-product-details__short-description\">\n<p>Il est r\u00e9alis\u00e9 sur commande et est enti\u00e8rement personnalisable avec un motif de broderie au choix, phrase, mots, pr\u00e9nom(s), une date\u2026<\/p>\n<\/div>\n<\/div>\n","protected":false},"featured_media":11677,"template":"","meta":[],"product_brand":[],"product_cat":[235,205,236,273,178,240,191,248,15,102,101,105,132,112],"product_tag":[],"class_list":{"0":"post-11666","1":"product","2":"type-product","3":"status-publish","4":"has-post-thumbnail","6":"product_cat-collections","7":"product_cat-en-balade","8":"product_cat-initiale","9":"product_cat-remerciements","10":"product_cat-tote-bag","11":"product_cat-tote-bag-initiale","12":"product_cat-tote-bag-ecole","13":"product_cat-tote-bag-en-balade","14":"product_cat-tous-les-produits","15":"product_cat-rangements","16":"product_cat-ecole","17":"product_cat-occasions-speciales","18":"product_cat-fete-des-meres","19":"product_cat-anniversaire","21":"first","22":"instock","23":"shipping-taxable","24":"purchasable","25":"product-type-simple"},"exclude_global_add_ons":true,"addons":[{"name":"Couleur du sac","type":"multiple_choice","position":0,"required":false,"title_format":"heading","default":"","description_enable":false,"description":"","placeholder_enable":false,"placeholder":"","display":"images","restrictions_type":"any_text","adjust_price":false,"price":"","price_type":"flat_fee","restrictions":false,"min":"0","max":"0","options":[{"label":"Terracotta","price":"","price_type":"flat_fee","image":11667,"visibility":true},{"label":"Sauge","price":"","price_type":"flat_fee","image":11670,"visibility":true},{"label":"Naturel","price":"","price_type":"flat_fee","image":11668,"visibility":true},{"label":"Bleu jeans","price":"","price_type":"flat_fee","image":11671,"visibility":true},{"label":"Bleu marine","price":"","price_type":"flat_fee","image":11669,"visibility":true},{"label":"Noir","price":"","price_type":"flat_fee","image":11672,"visibility":true}],"id":1717435050},{"name":"Option de broderie","type":"multiple_choice","position":1,"required":true,"title_format":"heading","default":"","description_enable":false,"description":"","placeholder_enable":false,"placeholder":"","display":"select","restrictions_type":"any_text","adjust_price":false,"price":"","price_type":"flat_fee","restrictions":false,"min":"0","max":"0","options":[{"label":"Initiale fleurie","price":"","price_type":"flat_fee","image":0,"visibility":true},{"label":"Initiale fleurie + suite du mot \u00e0 c\u00f4t\u00e9","price":"","price_type":"flat_fee","image":0,"visibility":true},{"label":"Initiale fleurie + mot dessous","price":"","price_type":"flat_fee","image":0,"visibility":true},{"label":"Mot fleuri","price":"10","price_type":"quantity_based","image":0,"visibility":true},{"label":"Mot fleuri + mot\/symbole\/date\/courte phrase dessous","price":"10","price_type":"quantity_based","image":0,"visibility":true}],"id":1715682625},{"name":"Police de broderie","type":"custom_text","position":2,"required":false,"title_format":"heading","default":"","description_enable":true,"description":"Vous pouvez s\u00e9lectionner une police de broderie dans la rubrique personnalisation.","placeholder_enable":false,"placeholder":"","display":"select","restrictions_type":"any_text","adjust_price":true,"price":"","price_type":"flat_fee","restrictions":false,"min":"0","max":"0","options":[],"id":1717435051},{"name":"Choix de la broderie","type":"custom_text","position":3,"required":false,"title_format":"heading","default":"","description_enable":false,"description":"","placeholder_enable":false,"placeholder":"","display":"select","restrictions_type":"any_text","adjust_price":false,"price":"","price_type":"flat_fee","restrictions":false,"min":"0","max":"0","options":[],"id":1715682626},{"name":"Couleur des fils de broderie","type":"custom_text","position":4,"required":false,"title_format":"heading","default":"","description_enable":true,"description":"Indiquez les nuances de couleurs que vous souhaiteriez :","placeholder_enable":false,"placeholder":"","display":"select","restrictions_type":"any_text","adjust_price":false,"price":"","price_type":"flat_fee","restrictions":false,"min":"0","max":"0","options":[],"id":1715682627},{"name":"Broderie suppl\u00e9mentaire","type":"custom_textarea","position":5,"required":false,"title_format":"heading","default":"","description_enable":true,"description":"Broderie ajout\u00e9e au verso du sac :\r\n\u2013 Coordonn\u00e9es GPS (merci de me donner l\u2019adresse d\u00e9sir\u00e9e)\r\n\u2013 Message, initiales, mots, phrase,\u2026\r\n\u2013 Symbole, motif,\u2026","placeholder_enable":false,"placeholder":"","display":"select","restrictions_type":"any_text","adjust_price":true,"price":"10","price_type":"quantity_based","restrictions":false,"min":"0","max":"0","options":[],"id":1715682628},{"name":"Pr\u00e9cisions","type":"custom_textarea","position":6,"required":false,"title_format":"heading","default":"","description_enable":true,"description":"Si vous h\u00e9sitez et avez besoin de conseils, ou pour toute autre demande compl\u00e9mentaire, je vous invite \u00e0 noter votre demande ci-dessous ou \u00e0 me contacter avant votre commande.\r\nDans tous les cas, je vous contacterai pour d\u00e9finir ou finaliser les personnalisations.","placeholder_enable":false,"placeholder":"","display":"select","restrictions_type":"any_text","adjust_price":false,"price":"","price_type":"flat_fee","restrictions":false,"min":"0","max":"0","options":[],"id":1715682629}],"_links":{"self":[{"href":"https:\/\/cecile-delachaux.fr\/index.php\/wp-json\/wp\/v2\/product\/11666","targetHints":{"allow":["GET"]}}],"collection":[{"href":"https:\/\/cecile-delachaux.fr\/index.php\/wp-json\/wp\/v2\/product"}],"about":[{"href":"https:\/\/cecile-delachaux.fr\/index.php\/wp-json\/wp\/v2\/types\/product"}],"wp:featuredmedia":[{"embeddable":true,"href":"https:\/\/cecile-delachaux.fr\/index.php\/wp-json\/wp\/v2\/media\/11677"}],"wp:attachment":[{"href":"https:\/\/cecile-delachaux.fr\/index.php\/wp-json\/wp\/v2\/media?parent=11666"}],"wp:term":[{"taxonomy":"product_brand","embeddable":true,"href":"https:\/\/cecile-delachaux.fr\/index.php\/wp-json\/wp\/v2\/product_brand?post=11666"},{"taxonomy":"product_cat","embeddable":true,"href":"https:\/\/cecile-delachaux.fr\/index.php\/wp-json\/wp\/v2\/product_cat?post=11666"},{"taxonomy":"product_tag","embeddable":true,"href":"https:\/\/cecile-delachaux.fr\/index.php\/wp-json\/wp\/v2\/product_tag?post=11666"}],"curies":[{"name":"wp","href":"https:\/\/api.w.org\/{rel}","templated":true}]}}