
{"id":13980,"date":"2025-04-02T00:17:40","date_gmt":"2025-04-01T22:17:40","guid":{"rendered":"https:\/\/cecile-delachaux.fr\/?post_type=product&#038;p=13980"},"modified":"2025-11-18T14:42:37","modified_gmt":"2025-11-18T13:42:37","slug":"sweat-a-capuche-enfants-ados-danse","status":"publish","type":"product","link":"https:\/\/cecile-delachaux.fr\/index.php\/produit\/sweat-a-capuche-enfants-ados-danse\/","title":{"rendered":"SWEAT \u00e0 capuche ENFANTS \/ ADOS Danse"},"content":{"rendered":"<p>Tailles\u00a0 :<\/p>\n<ul class=\"details\">\n<li>4 ans (104 cm)<\/li>\n<li>6 ans (116 cm)<\/li>\n<li>8 ans (128 cm)<\/li>\n<li>10 ans (140 cm)<\/li>\n<li>11 ans (146cm)<\/li>\n<li>12 ans (152cm)<\/li>\n<li>14 ans (164 cm)<\/li>\n<\/ul>\n<p>Composition : 80% coton \/ 20% polyester recycl\u00e9<\/p>\n<p>Certificat : OEKO-TEX\u00ae STANDARD 100<\/p>\n<div class=\"column-right\">\n<p>Conseil taille : le sweat taille un peu grand. Entre deux tailles, privil\u00e9giez la taille du dessous. (exemples : un enfant de 10 ans qui s&#8217;habille habituellement en 12 ans prendra du 9\/11 ans, un enfant de 8 ans qui s&#8217;habille en 10 ans prendra du 7\/8 ans, un enfant de 6 ans qui s&#8217;habille en 8 ans prendra du 5\/6 ans,&#8230;)<\/p>\n<p>Composition : 80% coton peign\u00e9 \u00e0 fil de cha\u00eene continu (ring-spun) &#8211; 20% polyester \/ Tissu Oeko-Tex satndard 100 \/ Int\u00e9rieur gratt\u00e9 (tout doux)<\/p>\n<\/div>\n<p>Je reste \u00e0 votre disposition pour vous conseiller.<\/p>\n<p>N\u2019h\u00e9sitez pas \u00e0 me contacter directement si vous avez des questions.<\/p>\n<p>&nbsp;<\/p>\n","protected":false},"excerpt":{"rendered":"<div class=\"woocommerce-product-details__short-description\">\n<p>Le sweat \u00e0 capuche est brod\u00e9 sur commande pour les \u00e9l\u00e8ves et profs de l&#8217;\u00e9cole de danse du Busca. Il est personnalisable. Par d\u00e9faut le t-shirt est brod\u00e9 avec la danseuse devant et &#8220;\u00c9cole de danse du busca&#8221; au dos.<\/p>\n<\/div>\n","protected":false},"featured_media":14607,"template":"","meta":[],"product_brand":[],"product_cat":[278],"product_tag":[],"class_list":{"0":"post-13980","1":"product","2":"type-product","3":"status-publish","4":"has-post-thumbnail","6":"product_cat-ecole-de-danse-du-busca","7":"product_shipping_class-colis","9":"first","10":"instock","11":"shipping-taxable","12":"product-type-variable"},"exclude_global_add_ons":true,"addons":[{"name":"Pr\u00e9nom","type":"multiple_choice","position":0,"required":true,"title_format":"heading","default":"","description_enable":false,"description":"","placeholder_enable":false,"placeholder":"","display":"select","restrictions_type":"any_text","adjust_price":false,"price":"","price_type":"flat_fee","restrictions":false,"min":"0","max":"0","options":[{"label":"Avec Pr\u00e9nom sous la danseuse","price":"","price_type":"flat_fee","image":0,"visibility":true},{"label":"Sans Pr\u00e9nom sous la danseuse","price":"","price_type":"flat_fee","image":0,"visibility":true},{"label":"Sans danseuse","price":"","price_type":"flat_fee","image":0,"visibility":true},{"label":"Pr\u00e9nom seul","price":"","price_type":"flat_fee","image":0,"visibility":true}],"id":1695293754},{"name":"Pr\u00e9nom","type":"custom_text","position":1,"required":false,"title_format":"hide","default":"","description_enable":false,"description":"Pr\u00e9nom \/ Surnom \/ Mot \/ Phrase \/ Date \/ motif (cf. rubrique \"personnalisation\") :","placeholder_enable":true,"placeholder":"Indiquez le pr\u00e9nom ici","display":"select","restrictions_type":"any_text","adjust_price":false,"price":"","price_type":"flat_fee","restrictions":false,"min":"0","max":"0","options":[],"id":1695293753},{"name":"Pr\u00e9cisions","type":"custom_textarea","position":2,"required":false,"title_format":"heading","default":"","description_enable":true,"description":"Si vous h\u00e9sitez et avez besoin de conseils, ou pour toute autre demande compl\u00e9mentaire, je vous invite \u00e0 noter votre demande ci-dessous ou \u00e0 me contacter avant votre commande.\r\nDans tous les cas, je vous contacterai pour d\u00e9finir ou finaliser les personnalisations.","placeholder_enable":false,"placeholder":"","display":"select","restrictions_type":"any_text","adjust_price":false,"price":"","price_type":"flat_fee","restrictions":false,"min":"0","max":"0","options":[],"id":1695293757}],"_links":{"self":[{"href":"https:\/\/cecile-delachaux.fr\/index.php\/wp-json\/wp\/v2\/product\/13980","targetHints":{"allow":["GET"]}}],"collection":[{"href":"https:\/\/cecile-delachaux.fr\/index.php\/wp-json\/wp\/v2\/product"}],"about":[{"href":"https:\/\/cecile-delachaux.fr\/index.php\/wp-json\/wp\/v2\/types\/product"}],"wp:featuredmedia":[{"embeddable":true,"href":"https:\/\/cecile-delachaux.fr\/index.php\/wp-json\/wp\/v2\/media\/14607"}],"wp:attachment":[{"href":"https:\/\/cecile-delachaux.fr\/index.php\/wp-json\/wp\/v2\/media?parent=13980"}],"wp:term":[{"taxonomy":"product_brand","embeddable":true,"href":"https:\/\/cecile-delachaux.fr\/index.php\/wp-json\/wp\/v2\/product_brand?post=13980"},{"taxonomy":"product_cat","embeddable":true,"href":"https:\/\/cecile-delachaux.fr\/index.php\/wp-json\/wp\/v2\/product_cat?post=13980"},{"taxonomy":"product_tag","embeddable":true,"href":"https:\/\/cecile-delachaux.fr\/index.php\/wp-json\/wp\/v2\/product_tag?post=13980"}],"curies":[{"name":"wp","href":"https:\/\/api.w.org\/{rel}","templated":true}]}}