
{"id":14710,"date":"2026-02-18T11:44:55","date_gmt":"2026-02-18T10:44:55","guid":{"rendered":"https:\/\/cecile-delachaux.fr\/?post_type=product&#038;p=14710"},"modified":"2026-03-26T16:49:06","modified_gmt":"2026-03-26T15:49:06","slug":"pochette-medailles-ski","status":"publish","type":"product","link":"https:\/\/cecile-delachaux.fr\/index.php\/produit\/pochette-medailles-ski\/","title":{"rendered":"Pochette \u00e0 m\u00e9dailles de ski"},"content":{"rendered":"<p>La pochette \u00e0 m\u00e9dailles de ski permet de ranger et garder pr\u00e9cieusement les m\u00e9dailles de ski et le(s) carnet(s) ESF.<\/p>\n<p>Fermeture bouton aimant\u00e9.<\/p>\n<p>Le d\u00e9lai de confection standard est de 30 jours. Lors de validation de votre panier, ce d\u00e9lai peut \u00eatre r\u00e9duit \u00e0 15 jours (avec un surco\u00fbt de 20%).<\/p>\n<p>Je reste \u00e0 votre disposition pour vous conseiller.<\/p>\n<p>N\u2019h\u00e9sitez pas \u00e0 me contacter directement si vous avez des questions.<\/p>\n","protected":false},"excerpt":{"rendered":"<p>La pochette \u00e0 m\u00e9dailles de ski est r\u00e9alis\u00e9e sur commande et est enti\u00e8rement personnalisable.<\/p>\n<p>Choisissez les tissus et motifs de broderie dans l\u2019onglet \u00ab Personnalisation \u00bb et indiquez leurs r\u00e9f\u00e9rences dans les champs pr\u00e9vus ci-dessous :<\/p>\n","protected":false},"featured_media":14731,"template":"","meta":[],"product_brand":[],"product_cat":[280,15,102],"product_tag":[],"class_list":{"0":"post-14710","1":"product","2":"type-product","3":"status-publish","4":"has-post-thumbnail","6":"product_cat-pochette-a-medailles-de-ski","7":"product_cat-tous-les-produits","8":"product_cat-rangements","9":"product_shipping_class-lettre-suivie","11":"first","12":"instock","13":"shipping-taxable","14":"purchasable","15":"product-type-variable"},"exclude_global_add_ons":true,"addons":[{"name":"Choix du tissu ext\u00e9rieur","type":"multiple_choice","position":0,"required":false,"title_format":"heading","default":"","description_enable":false,"description":"","placeholder_enable":false,"placeholder":"","display":"select","restrictions_type":"any_text","adjust_price":false,"price":"","price_type":"flat_fee","restrictions":false,"min":"0","max":"0","options":[{"label":"Tissu moumoute blanc","price":"","price_type":"flat_fee","image":0,"visibility":true},{"label":"Tissu moumoute \u00e9cru","price":"","price_type":"flat_fee","image":0,"visibility":true},{"label":"Tissu moumoute beige","price":"","price_type":"flat_fee","image":0,"visibility":true},{"label":"Tissu moumoute taupe clair","price":"","price_type":"flat_fee","image":0,"visibility":true},{"label":"Tissu moumoute taupe fonc\u00e9","price":"","price_type":"flat_fee","image":0,"visibility":true},{"label":"Tissu moumoute terracotta","price":"","price_type":"flat_fee","image":0,"visibility":true},{"label":"Tissu moumoute moutarde","price":"","price_type":"flat_fee","image":0,"visibility":true},{"label":"Tissu moumoute vieux rose","price":"","price_type":"flat_fee","image":0,"visibility":true},{"label":"Velours c\u00f4tel\u00e9 \u00e9cru","price":"","price_type":"flat_fee","image":0,"visibility":true},{"label":"Velours c\u00f4tel\u00e9 beige","price":"","price_type":"flat_fee","image":0,"visibility":true},{"label":"Velours c\u00f4tel\u00e9 camel","price":"","price_type":"flat_fee","image":0,"visibility":true},{"label":"Velours c\u00f4tel\u00e9 moutarde","price":"","price_type":"flat_fee","image":0,"visibility":true},{"label":"Velours c\u00f4tel\u00e9 turquoise","price":"","price_type":"flat_fee","image":0,"visibility":true},{"label":"Velours c\u00f4tel\u00e9 bleu","price":"","price_type":"flat_fee","image":0,"visibility":true},{"label":"Velours c\u00f4tel\u00e9 rose","price":"","price_type":"flat_fee","image":0,"visibility":true},{"label":"Velours c\u00f4tel\u00e9 fuchsia","price":"","price_type":"flat_fee","image":0,"visibility":true},{"label":"Autre : indiquer dans le champ \"pr\u00e9cisions\"","price":"","price_type":"flat_fee","image":0,"visibility":true}],"id":1772197028},{"name":"Choix du tissu int\u00e9rieur","type":"multiple_choice","position":1,"required":false,"title_format":"heading","default":"","description_enable":false,"description":"","placeholder_enable":false,"placeholder":"","display":"select","restrictions_type":"any_text","adjust_price":false,"price":"","price_type":"flat_fee","restrictions":false,"min":"0","max":"0","options":[{"label":"Vichy noir","price":"","price_type":"flat_fee","image":0,"visibility":true},{"label":"Vichy noisette","price":"","price_type":"flat_fee","image":0,"visibility":true},{"label":"Carreaux noir","price":"","price_type":"flat_fee","image":0,"visibility":true},{"label":"Carreaux marron","price":"","price_type":"flat_fee","image":0,"visibility":true},{"label":"Carreaux \u00e9cru","price":"","price_type":"flat_fee","image":0,"visibility":true},{"label":"Carreaux nude","price":"","price_type":"flat_fee","image":0,"visibility":true},{"label":"Carreaux taupe","price":"","price_type":"flat_fee","image":0,"visibility":true},{"label":"Carreaux bleu clair","price":"","price_type":"flat_fee","image":0,"visibility":true},{"label":"Carreaux rose pale","price":"","price_type":"flat_fee","image":0,"visibility":true},{"label":"Autre : indiquer dans le champ \"pr\u00e9cisions\"","price":"","price_type":"flat_fee","image":0,"visibility":true}],"id":1772197029},{"name":"Choix du motif de broderie","type":"custom_text","position":2,"required":false,"title_format":"heading","default":"","description_enable":true,"description":"Vous pouvez choisir un motif de broderie dans l\u2019onglet \u00ab Personnalisation \u00bb","placeholder_enable":false,"placeholder":"","display":"select","restrictions_type":"any_text","adjust_price":false,"price":"","price_type":"flat_fee","restrictions":false,"min":"0","max":"0","options":[],"id":1705057263},{"name":"Choix du texte","type":"custom_text","position":3,"required":false,"title_format":"heading","default":"","description_enable":true,"description":"Vous pouvez choisir un texte de votre choix  :","placeholder_enable":false,"placeholder":"","display":"select","restrictions_type":"any_text","adjust_price":false,"price":"","price_type":"flat_fee","restrictions":false,"min":"0","max":"0","options":[],"id":1705057264},{"name":"Choix de la typo","type":"multiple_choice","position":4,"required":false,"title_format":"heading","default":"","description_enable":false,"description":"","placeholder_enable":false,"placeholder":"","display":"images","restrictions_type":"any_text","adjust_price":false,"price":"","price_type":"flat_fee","restrictions":false,"min":"0","max":"0","options":[{"label":"Pacifico","price":"","price_type":"flat_fee","image":8154,"visibility":true},{"label":"Madeline","price":"","price_type":"flat_fee","image":8153,"visibility":true},{"label":"C\u00e9leste","price":"","price_type":"flat_fee","image":8150,"visibility":true},{"label":"Tessa","price":"","price_type":"flat_fee","image":8156,"visibility":true},{"label":"Cursive","price":"","price_type":"flat_fee","image":8151,"visibility":true},{"label":"Halo","price":"","price_type":"flat_fee","image":8152,"visibility":true},{"label":"Angelina","price":"","price_type":"flat_fee","image":8148,"visibility":true},{"label":"Quicksand","price":"","price_type":"flat_fee","image":8155,"visibility":true},{"label":"Autre : pr\u00e9ciser dans le champ \"pr\u00e9cisions\"","price":"","price_type":"flat_fee","image":0,"visibility":true}],"id":1705057267},{"name":"Couleurs de la broderie","type":"custom_text","position":5,"required":false,"title_format":"heading","default":"","description_enable":true,"description":"Vous pouvez choisir la couleur des fils de broderie dans l\u2019onglet \u00ab Personnalisation \u00bb ou indiquez les nuances de couleurs que vous souhaiteriez :","placeholder_enable":false,"placeholder":"","display":"select","restrictions_type":"any_text","adjust_price":false,"price":"","price_type":"flat_fee","restrictions":false,"min":"0","max":"0","options":[],"id":1705057266},{"name":"Autres pr\u00e9cisions","type":"custom_textarea","position":6,"required":false,"title_format":"heading","default":"","description_enable":true,"description":"Si vous n\u2019avez pas pu renseigner toutes les options, si vous h\u00e9sitez et avez besoin de conseils, si vous recherchez un tissu ou un motif de broderie qui ne figurent pas dans l\u2019onglet personnalisation, ou pour toute autre demande compl\u00e9mentaire, je vous invite \u00e0 noter votre demande ci-dessous.\r\nDans tous les cas, je vous contacterai pour d\u00e9finir ou finaliser les personnalisations.","placeholder_enable":false,"placeholder":"","display":"select","restrictions_type":"any_text","adjust_price":false,"price":"","price_type":"flat_fee","restrictions":false,"min":"0","max":"0","options":[],"id":1705057268}],"_links":{"self":[{"href":"https:\/\/cecile-delachaux.fr\/index.php\/wp-json\/wp\/v2\/product\/14710","targetHints":{"allow":["GET"]}}],"collection":[{"href":"https:\/\/cecile-delachaux.fr\/index.php\/wp-json\/wp\/v2\/product"}],"about":[{"href":"https:\/\/cecile-delachaux.fr\/index.php\/wp-json\/wp\/v2\/types\/product"}],"wp:featuredmedia":[{"embeddable":true,"href":"https:\/\/cecile-delachaux.fr\/index.php\/wp-json\/wp\/v2\/media\/14731"}],"wp:attachment":[{"href":"https:\/\/cecile-delachaux.fr\/index.php\/wp-json\/wp\/v2\/media?parent=14710"}],"wp:term":[{"taxonomy":"product_brand","embeddable":true,"href":"https:\/\/cecile-delachaux.fr\/index.php\/wp-json\/wp\/v2\/product_brand?post=14710"},{"taxonomy":"product_cat","embeddable":true,"href":"https:\/\/cecile-delachaux.fr\/index.php\/wp-json\/wp\/v2\/product_cat?post=14710"},{"taxonomy":"product_tag","embeddable":true,"href":"https:\/\/cecile-delachaux.fr\/index.php\/wp-json\/wp\/v2\/product_tag?post=14710"}],"curies":[{"name":"wp","href":"https:\/\/api.w.org\/{rel}","templated":true}]}}