
{"id":3225,"date":"2018-12-22T18:02:38","date_gmt":"2018-12-22T17:02:38","guid":{"rendered":"https:\/\/cecile-delachaux.fr\/?post_type=product&#038;p=3225"},"modified":"2023-09-24T00:34:58","modified_gmt":"2023-09-23T22:34:58","slug":"snood","status":"publish","type":"product","link":"https:\/\/cecile-delachaux.fr\/index.php\/produit\/snood\/","title":{"rendered":"Snood"},"content":{"rendered":"<p>Le tour de cou existe dans diff\u00e9rentes tailles.<\/p>\n<p>Il peut \u00eatre plus ou moins chaud selon les tissus choisis et le molletonnage int\u00e9rieur.<\/p>\n<p>Vous pouvez broder vos initiales, un pr\u00e9nom ou un motif si vous le souhaitez.<\/p>\n<p>Le snood est tr\u00e8s pratique pour l&#8217;\u00e9cole ou la cr\u00e8che, il favorise l&#8217;autonomie de l&#8217;enfant.<\/p>\n<p>Le d\u00e9lai de confection standard est de 30 jours. Lors de validation de votre panier, ce d\u00e9lai peut \u00eatre r\u00e9duit \u00e0 15 jours (avec un surco\u00fbt de 20%).<\/p>\n<p>Je reste \u00e0 votre disposition pour vous conseiller.<\/p>\n<p>N\u2019h\u00e9sitez pas \u00e0 me contacter directement si vous avez des questions.<\/p>\n","protected":false},"excerpt":{"rendered":"<p>Le snood (ou tour de cou) est enti\u00e8rement personnalisable.<\/p>\n<p>Choisissez les tissus et motifs de broderie dans l\u2019onglet \u00abPersonnalisation\u00bb et indiquez leurs r\u00e9f\u00e9rences dans les champs pr\u00e9vus ci-dessous :<\/p>\n","protected":false},"featured_media":3065,"template":"","meta":[],"product_brand":[],"product_cat":[195,187,15],"product_tag":[],"class_list":{"0":"post-3225","1":"product","2":"type-product","3":"status-publish","4":"has-post-thumbnail","6":"product_cat-snood-vetement-accessoires","7":"product_cat-snood","8":"product_cat-tous-les-produits","9":"product_shipping_class-lettre-suivie","11":"first","12":"instock","13":"shipping-taxable","14":"purchasable","15":"product-type-simple"},"exclude_global_add_ons":true,"addons":[{"name":"Taille","type":"multiple_choice","position":0,"required":true,"title_format":"heading","default":"","description_enable":false,"description":"","placeholder_enable":false,"placeholder":"","display":"select","restrictions_type":"any_text","adjust_price":false,"price":"","price_type":"flat_fee","restrictions":false,"min":"0","max":"0","options":[{"label":"0 - 18 mois","price":"","price_type":"flat_fee","image":0,"visibility":true},{"label":"2 - 4 ans","price":"","price_type":"flat_fee","image":0,"visibility":true},{"label":"4 - 10 ans","price":"","price_type":"flat_fee","image":0,"visibility":true},{"label":"Adulte (>10 ans)","price":"","price_type":"flat_fee","image":0,"visibility":true}],"id":1695515699},{"name":"Choix des tissus","type":"custom_textarea","position":1,"required":false,"title_format":"heading","default":"","description_enable":true,"description":"Choisissez deux tissus :","placeholder_enable":false,"placeholder":"","display":"select","restrictions_type":"any_text","adjust_price":false,"price":"","price_type":"flat_fee","restrictions":false,"min":"0","max":"0","options":[],"id":1695515700},{"name":"Choix de la broderie","type":"custom_text","position":2,"required":false,"title_format":"heading","default":"","description_enable":true,"description":"Vous pouvez choisir un motif de broderie et\/ou un texte de votre choix (pr\u00e9nom, initiales\u2026) en indiquant la police souhait\u00e9e et couleurs des fils, et les renseigner ci-dessous :","placeholder_enable":false,"placeholder":"","display":"select","restrictions_type":"any_text","adjust_price":false,"price":"","price_type":"flat_fee","restrictions":false,"min":"0","max":"0","options":[],"id":1695515701},{"name":"Molleton \u00e0 l\u2019int\u00e9rieur","type":"checkbox","position":3,"required":false,"title_format":"heading","default":"","description_enable":true,"description":"Si vous souhaitez un snood plus chaud (hiver) :","placeholder_enable":false,"placeholder":"","display":"select","restrictions_type":"any_text","adjust_price":false,"price":"","price_type":"flat_fee","restrictions":false,"min":"0","max":"0","options":[{"label":"oui","price":"","price_type":"flat_fee","image":0,"visibility":true}],"id":1695515702},{"name":"Autres pr\u00e9cisions","type":"custom_textarea","position":4,"required":false,"title_format":"heading","default":"","description_enable":true,"description":"Si vous n\u2019avez pas pu renseigner toutes les options, si vous h\u00e9sitez et avez besoin de conseils, si vous recherchez un tissu ou un motif de broderie qui ne figurent pas dans l\u2019onglet personnalisation, ou pour toute autre demande compl\u00e9mentaire, je vous invite \u00e0 noter votre demande ci-dessous.\r\nDans tous les cas, je vous contacterai pour d\u00e9finir ou finaliser les personnalisations.","placeholder_enable":false,"placeholder":"","display":"select","restrictions_type":"any_text","adjust_price":false,"price":"","price_type":"flat_fee","restrictions":false,"min":"0","max":"0","options":[],"id":1695515703}],"_links":{"self":[{"href":"https:\/\/cecile-delachaux.fr\/index.php\/wp-json\/wp\/v2\/product\/3225","targetHints":{"allow":["GET"]}}],"collection":[{"href":"https:\/\/cecile-delachaux.fr\/index.php\/wp-json\/wp\/v2\/product"}],"about":[{"href":"https:\/\/cecile-delachaux.fr\/index.php\/wp-json\/wp\/v2\/types\/product"}],"wp:featuredmedia":[{"embeddable":true,"href":"https:\/\/cecile-delachaux.fr\/index.php\/wp-json\/wp\/v2\/media\/3065"}],"wp:attachment":[{"href":"https:\/\/cecile-delachaux.fr\/index.php\/wp-json\/wp\/v2\/media?parent=3225"}],"wp:term":[{"taxonomy":"product_brand","embeddable":true,"href":"https:\/\/cecile-delachaux.fr\/index.php\/wp-json\/wp\/v2\/product_brand?post=3225"},{"taxonomy":"product_cat","embeddable":true,"href":"https:\/\/cecile-delachaux.fr\/index.php\/wp-json\/wp\/v2\/product_cat?post=3225"},{"taxonomy":"product_tag","embeddable":true,"href":"https:\/\/cecile-delachaux.fr\/index.php\/wp-json\/wp\/v2\/product_tag?post=3225"}],"curies":[{"name":"wp","href":"https:\/\/api.w.org\/{rel}","templated":true}]}}