
{"id":3562,"date":"2018-12-23T01:37:53","date_gmt":"2018-12-23T00:37:53","guid":{"rendered":"https:\/\/cecile-delachaux.fr\/?post_type=product&#038;p=3562"},"modified":"2026-01-09T14:20:26","modified_gmt":"2026-01-09T13:20:26","slug":"pochette-de-voyage","status":"publish","type":"product","link":"https:\/\/cecile-delachaux.fr\/index.php\/produit\/pochette-de-voyage\/","title":{"rendered":"Pochette de voyage"},"content":{"rendered":"<p>La pochette de voyage permet de prot\u00e9ger et ranger le livret de famille ainsi que les passeports et cartes d&#8217;identit\u00e9 de toute la famille.<\/p>\n<p>Cette pochette est con\u00e7ue pour une famille jusqu&#8217;\u00e0 8 personnes (au del\u00e0, merci de me contacter). Afin d&#8217;ajuster au mieux la pochette, merci de pr\u00e9ciser si vous souhaitez pour 4 passeports au maximum ou pour 5 \u00e0 8 passeports.<\/p>\n<p>La pochette est adapt\u00e9e pour des livrets de famille au format standard (10x21cm sans couverture et 11x22cm avec couverture).<\/p>\n<p>Si votre livret de famille a un format diff\u00e9rent, je vous invite \u00e0 me contacter.<\/p>\n<p>Option broderie suppl\u00e9mentaire : il est possible de broder une inscription symbolique qui vous est ch\u00e8re (date, coordonn\u00e9es GPS, initiales, mots, motif, symbole,&#8230;).<\/p>\n<p>Le d\u00e9lai de confection standard est de 30 jours. Lors de validation de votre panier, ce d\u00e9lai peut \u00eatre r\u00e9duit \u00e0 15 jours (avec un surco\u00fbt de 20%).<\/p>\n<p>Je reste \u00e0 votre disposition pour vous conseiller.<\/p>\n<p>N\u2019h\u00e9sitez pas \u00e0 me contacter directement si vous avez des questions.<\/p>\n","protected":false},"excerpt":{"rendered":"<div class=\"woocommerce-product-details__short-description\">\n<div class=\"woocommerce-product-details__short-description\">\n<p>Elle est r\u00e9alis\u00e9e sur commande et est enti\u00e8rement personnalisable.<\/p>\n<p>Choisissez les tissus et motifs de broderie dans l\u2019onglet \u00ab Personnalisation \u00bb et indiquez leurs r\u00e9f\u00e9rences dans les champs pr\u00e9vus ci-dessous :<\/p>\n<\/div>\n<\/div>\n","protected":false},"featured_media":2059,"template":"","meta":[],"product_brand":[],"product_cat":[182,205,170,181,171,219,15,102,105,108],"product_tag":[],"class_list":{"0":"post-3562","1":"product","2":"type-product","3":"status-publish","4":"has-post-thumbnail","6":"product_cat-cni","7":"product_cat-en-balade","8":"product_cat-protege-livret-de-famille","9":"product_cat-passeport","10":"product_cat-pochette-de-voyage","11":"product_cat-pochon-pochette-et-trousse","12":"product_cat-tous-les-produits","13":"product_cat-rangements","14":"product_cat-occasions-speciales","15":"product_cat-mariage","16":"product_shipping_class-lettre-suivie","18":"first","19":"instock","20":"shipping-taxable","21":"purchasable","22":"product-type-simple"},"exclude_global_add_ons":true,"addons":[{"name":"Choix du tissu principal","type":"custom_text","position":0,"required":false,"title_format":"heading","default":"","description_enable":true,"description":"Choisissez un tissu uni ou \u00e0 motif ext\u00e9rieur : indiquez son nom ou la couleur que vous souhaitez et\/ou la mati\u00e8re (lin, lin lav\u00e9, toile de coton, coton lav\u00e9, double gaze\u2026). :","placeholder_enable":false,"placeholder":"","display":"select","restrictions_type":"any_text","adjust_price":false,"price":"","price_type":"flat_fee","restrictions":false,"min":"0","max":"0","options":[],"id":1695602332},{"name":"Choix du tissu secondaire uni","type":"custom_text","position":1,"required":false,"title_format":"heading","default":"","description_enable":true,"description":"Dans le cas o\u00f9 vous souhaiteriez deux tissus \u00e0 l'ext\u00e9rieur (il est possible de r\u00e9aliser la pochette dans un seul tissu uni) : indiquez la couleur que vous souhaitez et\/ou la mati\u00e8re (lin, lin lav\u00e9, toile de coton, coton lav\u00e9, double gaze\u2026). :","placeholder_enable":false,"placeholder":"","display":"select","restrictions_type":"any_text","adjust_price":false,"price":"","price_type":"flat_fee","restrictions":false,"min":"0","max":"0","options":[],"id":1695602333},{"name":"Format","type":"multiple_choice","position":2,"required":true,"title_format":"heading","default":"","description_enable":true,"description":"Indiquez si vous souhaitez un ou deux tissus.\r\nSi vous prenez deux tissus, renseignez si vous voulez la s\u00e9paration verticale ou horizontale des tissus :","placeholder_enable":false,"placeholder":"","display":"select","restrictions_type":"any_text","adjust_price":false,"price":"","price_type":"flat_fee","restrictions":false,"min":"0","max":"0","options":[{"label":"S\u00e9paration verticale","price":"","price_type":"flat_fee","image":0,"visibility":true},{"label":"Un seul tissu","price":"","price_type":"flat_fee","image":0,"visibility":true},{"label":"S\u00e9paration horizontale","price":"","price_type":"flat_fee","image":0,"visibility":true}],"id":1695602334},{"name":"Nombre de passeports","type":"multiple_choice","position":3,"required":true,"title_format":"heading","default":"","description_enable":true,"description":"Afin d'ajuster au mieux la pochette, merci de pr\u00e9ciser si vous souhaitez pour 4 passeports au maximum ou pour 5 \u00e0 8 passeports (au del\u00e0, merci de me contacter).","placeholder_enable":false,"placeholder":"","display":"select","restrictions_type":"any_text","adjust_price":false,"price":"","price_type":"flat_fee","restrictions":false,"min":"0","max":"0","options":[{"label":"Jusqu'\u00e0 4","price":"","price_type":"flat_fee","image":0,"visibility":true},{"label":"Jusqu'\u00e0 8","price":"","price_type":"flat_fee","image":0,"visibility":true}],"id":1695602335},{"name":"Choix de la broderie","type":"custom_text","position":4,"required":false,"title_format":"heading","default":"","description_enable":true,"description":"Vous pouvez choisir un motif de broderie et\/ou un texte de votre choix (nom de famille, pr\u00e9noms, initiales, date\u2026) en indiquant la couleur des fils, et les renseigner ci-dessous :","placeholder_enable":false,"placeholder":"","display":"select","restrictions_type":"any_text","adjust_price":false,"price":"","price_type":"flat_fee","restrictions":false,"min":"0","max":"0","options":[],"id":1695602336},{"name":"Passepoil","type":"multiple_choice","position":5,"required":true,"title_format":"heading","default":"","description_enable":false,"description":"","placeholder_enable":false,"placeholder":"","display":"radiobutton","restrictions_type":"any_text","adjust_price":false,"price":"","price_type":"flat_fee","restrictions":false,"min":"0","max":"0","options":[{"label":"Oui","price":"","price_type":"flat_fee","image":0,"visibility":true},{"label":"Non","price":"","price_type":"flat_fee","image":0,"visibility":true}],"id":1695602337},{"name":"Couleur du passepoil","type":"custom_text","position":6,"required":false,"title_format":"heading","default":"","description_enable":true,"description":"Si vous avez une pr\u00e9f\u00e9rence, indiquez la couleur que vous souhaiteriez (la broderie sera de la m\u00eame couleur) :","placeholder_enable":false,"placeholder":"","display":"select","restrictions_type":"any_text","adjust_price":false,"price":"","price_type":"flat_fee","restrictions":false,"min":"0","max":"0","options":[],"id":1695602338},{"name":"Broderie suppl\u00e9mentaire","type":"custom_textarea","position":7,"required":false,"title_format":"heading","default":"","description_enable":true,"description":"Il est possible de broder une inscription symbolique qui vous est ch\u00e8re :\r\n- Coordonn\u00e9es GPS : lieu de rencontre, mariage, naissance, ...\r\n- dates : rencontre, mariage,...\r\n- mots, initiales,...\r\n- motifs, symboles...\r\nCette broderie peut \u00eatre r\u00e9alis\u00e9e \u00e0 l'int\u00e9rieur de la pochette de fa\u00e7on visible (sur un rabat) ou discr\u00e8te (derri\u00e8re le livret de famille).\r\nD\u00e9tail de votre broderie suppl\u00e9mentaire (si vous en souhaitez une) :","placeholder_enable":false,"placeholder":"","display":"select","restrictions_type":"any_text","adjust_price":false,"price":"5","price_type":"quantity_based","restrictions":false,"min":"0","max":"0","options":[],"id":1695602339},{"name":"Broderie suppl\u00e9mentaire","type":"checkbox","position":8,"required":false,"title_format":"label","default":"","description_enable":false,"description":"","placeholder_enable":false,"placeholder":"","display":"select","restrictions_type":"any_text","adjust_price":false,"price":"","price_type":"flat_fee","restrictions":false,"min":"0","max":"0","options":[{"label":"oui","price":"5","price_type":"quantity_based","image":0,"visibility":true}],"id":1695602340},{"name":"Autres pr\u00e9cisions","type":"custom_textarea","position":9,"required":false,"title_format":"heading","default":"","description_enable":true,"description":"Si vous n\u2019avez pas pu renseigner toutes les options, si vous h\u00e9sitez et avez besoin de conseils, si vous recherchez un tissu ou un motif de broderie qui ne figurent pas dans l\u2019onglet personnalisation, ou pour toute autre demande compl\u00e9mentaire, je vous invite \u00e0 noter votre demande ci-dessous.\r\nDans tous les cas, je vous contacterai pour d\u00e9finir ou finaliser les personnalisations.","placeholder_enable":false,"placeholder":"","display":"select","restrictions_type":"any_text","adjust_price":false,"price":"","price_type":"flat_fee","restrictions":false,"min":"0","max":"0","options":[],"id":1695602341}],"_links":{"self":[{"href":"https:\/\/cecile-delachaux.fr\/index.php\/wp-json\/wp\/v2\/product\/3562","targetHints":{"allow":["GET"]}}],"collection":[{"href":"https:\/\/cecile-delachaux.fr\/index.php\/wp-json\/wp\/v2\/product"}],"about":[{"href":"https:\/\/cecile-delachaux.fr\/index.php\/wp-json\/wp\/v2\/types\/product"}],"wp:featuredmedia":[{"embeddable":true,"href":"https:\/\/cecile-delachaux.fr\/index.php\/wp-json\/wp\/v2\/media\/2059"}],"wp:attachment":[{"href":"https:\/\/cecile-delachaux.fr\/index.php\/wp-json\/wp\/v2\/media?parent=3562"}],"wp:term":[{"taxonomy":"product_brand","embeddable":true,"href":"https:\/\/cecile-delachaux.fr\/index.php\/wp-json\/wp\/v2\/product_brand?post=3562"},{"taxonomy":"product_cat","embeddable":true,"href":"https:\/\/cecile-delachaux.fr\/index.php\/wp-json\/wp\/v2\/product_cat?post=3562"},{"taxonomy":"product_tag","embeddable":true,"href":"https:\/\/cecile-delachaux.fr\/index.php\/wp-json\/wp\/v2\/product_tag?post=3562"}],"curies":[{"name":"wp","href":"https:\/\/api.w.org\/{rel}","templated":true}]}}