
{"id":4630,"date":"2019-01-10T23:43:18","date_gmt":"2019-01-10T22:43:18","guid":{"rendered":"https:\/\/cecile-delachaux.fr\/?post_type=product&#038;p=4630"},"modified":"2025-06-25T00:42:13","modified_gmt":"2025-06-24T22:42:13","slug":"pochon-a-dragees","status":"publish","type":"product","link":"https:\/\/cecile-delachaux.fr\/index.php\/produit\/pochon-a-dragees\/","title":{"rendered":"Pochon \u00e0 drag\u00e9es"},"content":{"rendered":"<p>Le d\u00e9lai de confection standard est de 30 jours. Lors de validation de votre panier, ce d\u00e9lai peut \u00eatre r\u00e9duit \u00e0 15 jours (avec un surco\u00fbt de 20%).<\/p>\n<p>Je reste \u00e0 votre disposition pour vous conseiller.<\/p>\n<p>N\u2019h\u00e9sitez pas \u00e0 me contacter directement si vous avez des questions.<\/p>\n","protected":false},"excerpt":{"rendered":"<p>Le pochon est r\u00e9alis\u00e9 sur commande et est enti\u00e8rement personnalisable.<\/p>\n<p>Choisissez les tissus et motifs de broderie dans l\u2019onglet \u00ab Personnalisation \u00bb et indiquez leurs r\u00e9f\u00e9rences dans les champs pr\u00e9vus ci-dessous :<\/p>\n","protected":false},"featured_media":8206,"template":"","meta":[],"product_brand":[],"product_cat":[15,108,107],"product_tag":[],"class_list":{"0":"post-4630","1":"product","2":"type-product","3":"status-publish","4":"has-post-thumbnail","6":"product_cat-tous-les-produits","7":"product_cat-mariage","8":"product_cat-bapteme","9":"product_shipping_class-lettre-suivie","11":"first","12":"instock","13":"shipping-taxable","14":"purchasable","15":"product-type-variable"},"exclude_global_add_ons":true,"addons":[{"name":"Choix du tissu","type":"custom_text","position":0,"required":false,"title_format":"heading","default":"","description_enable":false,"description":"","placeholder_enable":false,"placeholder":"","display":"select","restrictions_type":"any_text","adjust_price":false,"price":"","price_type":"flat_fee","restrictions":false,"min":"0","max":"0","options":[],"id":1695337027},{"name":"Choix de la broderie","type":"multiple_choice","position":1,"required":false,"title_format":"heading","default":"","description_enable":false,"description":"","placeholder_enable":false,"placeholder":"","display":"select","restrictions_type":"any_text","adjust_price":false,"price":"","price_type":"flat_fee","restrictions":false,"min":"0","max":"0","options":[{"label":"Sans broderie","price":"","price_type":"flat_fee","image":0,"visibility":true},{"label":"Pr\u00e9nom","price":"2","price_type":"quantity_based","image":0,"visibility":true},{"label":"Pr\u00e9nom + date","price":"2.5","price_type":"quantity_based","image":0,"visibility":true},{"label":"Motif","price":"3","price_type":"quantity_based","image":0,"visibility":true},{"label":"Pr\u00e9nom + motif","price":"3.50","price_type":"quantity_based","image":0,"visibility":true},{"label":"Pr\u00e9nom + date + motif","price":"4","price_type":"quantity_based","image":0,"visibility":true}],"id":1695337028},{"name":"Choix du motif de broderie \/ police d'\u00e9criture","type":"custom_text","position":2,"required":false,"title_format":"heading","default":"","description_enable":false,"description":"","placeholder_enable":false,"placeholder":"","display":"select","restrictions_type":"any_text","adjust_price":false,"price":"","price_type":"flat_fee","restrictions":false,"min":"0","max":"0","options":[],"id":1695337029},{"name":"Motif avec tissu appliqu\u00e9","type":"checkbox","position":3,"required":false,"title_format":"heading","default":"","description_enable":false,"description":"","placeholder_enable":false,"placeholder":"","display":"select","restrictions_type":"any_text","adjust_price":false,"price":"","price_type":"flat_fee","restrictions":false,"min":"0","max":"0","options":[{"label":"Oui","price":"1","price_type":"quantity_based","image":0,"visibility":true}],"id":1695337030},{"name":"Couleur du fils de broderie","type":"custom_text","position":4,"required":false,"title_format":"heading","default":"","description_enable":false,"description":"","placeholder_enable":false,"placeholder":"","display":"select","restrictions_type":"any_text","adjust_price":false,"price":"","price_type":"flat_fee","restrictions":false,"min":"0","max":"0","options":[],"id":1695337031},{"name":"Choix du ruban","type":"multiple_choice","position":5,"required":false,"title_format":"heading","default":"","description_enable":true,"description":"Indiquez ci-dessous la mati\u00e8re du ruban que vous souhaitez. Indiquez la couleur ou le nom du Liberty souhaitez dans les pr\u00e9cisions plus bas.","placeholder_enable":false,"placeholder":"","display":"select","restrictions_type":"any_text","adjust_price":false,"price":"","price_type":"flat_fee","restrictions":false,"min":"0","max":"0","options":[{"label":"Cordon Liberty","price":"","price_type":"flat_fee","image":0,"visibility":true},{"label":"Ruban satin","price":"","price_type":"flat_fee","image":0,"visibility":true},{"label":"Corde coton","price":"","price_type":"flat_fee","image":0,"visibility":true}],"id":1695337032},{"name":"Autres pr\u00e9cisions","type":"custom_textarea","position":6,"required":false,"title_format":"heading","default":"","description_enable":true,"description":"Si vous h\u00e9sitez et avez besoin de conseils, ou pour toute autre demande compl\u00e9mentaire, je vous invite \u00e0 noter votre demande ci-dessous ou \u00e0 me contacter avant votre commande.\r\nDans tous les cas, je vous contacterai pour d\u00e9finir ou finaliser les personnalisations.","placeholder_enable":false,"placeholder":"","display":"select","restrictions_type":"any_text","adjust_price":false,"price":"","price_type":"flat_fee","restrictions":false,"min":"0","max":"0","options":[],"id":1695337033}],"_links":{"self":[{"href":"https:\/\/cecile-delachaux.fr\/index.php\/wp-json\/wp\/v2\/product\/4630","targetHints":{"allow":["GET"]}}],"collection":[{"href":"https:\/\/cecile-delachaux.fr\/index.php\/wp-json\/wp\/v2\/product"}],"about":[{"href":"https:\/\/cecile-delachaux.fr\/index.php\/wp-json\/wp\/v2\/types\/product"}],"wp:featuredmedia":[{"embeddable":true,"href":"https:\/\/cecile-delachaux.fr\/index.php\/wp-json\/wp\/v2\/media\/8206"}],"wp:attachment":[{"href":"https:\/\/cecile-delachaux.fr\/index.php\/wp-json\/wp\/v2\/media?parent=4630"}],"wp:term":[{"taxonomy":"product_brand","embeddable":true,"href":"https:\/\/cecile-delachaux.fr\/index.php\/wp-json\/wp\/v2\/product_brand?post=4630"},{"taxonomy":"product_cat","embeddable":true,"href":"https:\/\/cecile-delachaux.fr\/index.php\/wp-json\/wp\/v2\/product_cat?post=4630"},{"taxonomy":"product_tag","embeddable":true,"href":"https:\/\/cecile-delachaux.fr\/index.php\/wp-json\/wp\/v2\/product_tag?post=4630"}],"curies":[{"name":"wp","href":"https:\/\/api.w.org\/{rel}","templated":true}]}}