
{"id":5627,"date":"2019-06-03T21:50:36","date_gmt":"2019-06-03T19:50:36","guid":{"rendered":"https:\/\/cecile-delachaux.fr\/?post_type=product&#038;p=5627"},"modified":"2024-01-12T10:35:45","modified_gmt":"2024-01-12T09:35:45","slug":"serviette-de-table","status":"publish","type":"product","link":"https:\/\/cecile-delachaux.fr\/index.php\/produit\/serviette-de-table\/","title":{"rendered":"Serviette de table"},"content":{"rendered":"<p>Des serviettes de table de qualit\u00e9 professionnelle.<strong><br \/>\n<\/strong><\/p>\n<p>Elles sont de grande qualit\u00e9 et tr\u00e8s r\u00e9sistantes.<\/p>\n<p>Composition :<\/p>\n<ul>\n<li>100% satin de coton<\/li>\n<li>210 gr\/m\u00b2<\/li>\n<li>Coins capuchons<\/li>\n<li>Ourlet 1 cm<\/li>\n<li>50&#215;50 cm<\/li>\n<\/ul>\n<p>Conseil d&#8217;entretien :<\/p>\n<ul>\n<li>Lavage \u00e0 90 \u00b0C<\/li>\n<li>S\u00e9chage en machine<\/li>\n<\/ul>\n<p>Le d\u00e9lai de confection standard est de 30 jours. Lors de validation de votre panier, ce d\u00e9lai peut \u00eatre r\u00e9duit \u00e0 15 jours (avec un surco\u00fbt de 20%).<\/p>\n<p>Je reste \u00e0 votre disposition pour vous conseiller.<\/p>\n<p>N\u2019h\u00e9sitez pas \u00e0 me contacter directement si vous avez des questions.<\/p>\n","protected":false},"excerpt":{"rendered":"<p>Elles sont brod\u00e9es sur commande et sont enti\u00e8rement personnalisables avec un motif de broderie au choix, phrase, mots, pr\u00e9nom(s), une date\u2026<\/p>\n","protected":false},"featured_media":9556,"template":"","meta":[],"product_brand":[],"product_cat":[193,15,36,101,145,108,107],"product_tag":[],"class_list":{"0":"post-5627","1":"product","2":"type-product","3":"status-publish","4":"has-post-thumbnail","6":"product_cat-serviette","7":"product_cat-tous-les-produits","8":"product_cat-repas","9":"product_cat-ecole","10":"product_cat-noel","11":"product_cat-mariage","12":"product_cat-bapteme","13":"product_shipping_class-colis","15":"first","16":"instock","17":"shipping-taxable","18":"purchasable","19":"product-type-simple"},"exclude_global_add_ons":true,"addons":[{"name":"Type de broderie","type":"multiple_choice","position":0,"required":false,"title_format":"heading","default":"","description_enable":false,"description":"Indiquez le pr\u00e9nom, mot, ","placeholder_enable":false,"placeholder":"","display":"select","restrictions_type":"any_text","adjust_price":false,"price":"","price_type":"flat_fee","restrictions":false,"min":"0","max":"0","options":[{"label":"Texte","price":"","price_type":"flat_fee","image":0,"visibility":true},{"label":"Motif","price":"5","price_type":"quantity_based","image":0,"visibility":true},{"label":"Texte + motif","price":"5","price_type":"quantity_based","image":0,"visibility":true}],"id":1705055745},{"name":"Choix du texte","type":"custom_text","position":1,"required":false,"title_format":"heading","default":"","description_enable":false,"description":"","placeholder_enable":false,"placeholder":"","display":"select","restrictions_type":"any_text","adjust_price":false,"price":"","price_type":"flat_fee","restrictions":false,"min":"0","max":"0","options":[],"id":1705055746},{"name":"Police d'\u00e9criture","type":"custom_text","position":2,"required":false,"title_format":"heading","default":"","description_enable":true,"description":"Vous pouvez choisir la police d'\u00e9criture (rubrique personnalisation) et la renseigner ici :","placeholder_enable":false,"placeholder":"","display":"select","restrictions_type":"any_text","adjust_price":false,"price":"","price_type":"flat_fee","restrictions":false,"min":"0","max":"0","options":[],"id":1705055747},{"name":"Choix du motif de broderie","type":"custom_text","position":3,"required":false,"title_format":"heading","default":"","description_enable":true,"description":"Vous pouvez choisir un motif de broderie (rubrique personnalisation) et choisir les couleurs des fils et les renseigner ci-dessous :","placeholder_enable":false,"placeholder":"","display":"select","restrictions_type":"any_text","adjust_price":false,"price":"","price_type":"flat_fee","restrictions":false,"min":"0","max":"0","options":[],"id":1705055748},{"name":"Couleur des fils de broderie","type":"custom_text","position":4,"required":false,"title_format":"heading","default":"","description_enable":true,"description":"Vous pouvez choisir la couleur des fils de broderie broderie (rubrique personnalisation) et les renseigner ici :","placeholder_enable":false,"placeholder":"","display":"select","restrictions_type":"any_text","adjust_price":false,"price":"","price_type":"flat_fee","restrictions":false,"min":"0","max":"0","options":[],"id":1705055749},{"name":"Pr\u00e9cisions","type":"custom_textarea","position":5,"required":false,"title_format":"heading","default":"","description_enable":true,"description":"Si vous h\u00e9sitez et avez besoin de conseils, ou pour toute autre demande compl\u00e9mentaire, je vous invite \u00e0 noter votre demande ci-dessous ou \u00e0 me contacter avant votre commande.\r\nDans tous les cas, je vous contacterai pour d\u00e9finir ou finaliser les personnalisations.","placeholder_enable":false,"placeholder":"","display":"select","restrictions_type":"any_text","adjust_price":false,"price":"","price_type":"flat_fee","restrictions":false,"min":"0","max":"0","options":[],"id":1705055750}],"_links":{"self":[{"href":"https:\/\/cecile-delachaux.fr\/index.php\/wp-json\/wp\/v2\/product\/5627","targetHints":{"allow":["GET"]}}],"collection":[{"href":"https:\/\/cecile-delachaux.fr\/index.php\/wp-json\/wp\/v2\/product"}],"about":[{"href":"https:\/\/cecile-delachaux.fr\/index.php\/wp-json\/wp\/v2\/types\/product"}],"wp:featuredmedia":[{"embeddable":true,"href":"https:\/\/cecile-delachaux.fr\/index.php\/wp-json\/wp\/v2\/media\/9556"}],"wp:attachment":[{"href":"https:\/\/cecile-delachaux.fr\/index.php\/wp-json\/wp\/v2\/media?parent=5627"}],"wp:term":[{"taxonomy":"product_brand","embeddable":true,"href":"https:\/\/cecile-delachaux.fr\/index.php\/wp-json\/wp\/v2\/product_brand?post=5627"},{"taxonomy":"product_cat","embeddable":true,"href":"https:\/\/cecile-delachaux.fr\/index.php\/wp-json\/wp\/v2\/product_cat?post=5627"},{"taxonomy":"product_tag","embeddable":true,"href":"https:\/\/cecile-delachaux.fr\/index.php\/wp-json\/wp\/v2\/product_tag?post=5627"}],"curies":[{"name":"wp","href":"https:\/\/api.w.org\/{rel}","templated":true}]}}

<p>Des serviettes de table de qualité professionnelle.<strong><br />
</strong></p>
<p>Elles sont de grande qualité et très résistantes.</p>
<p>Composition :</p>
<ul>
<li>100% satin de coton</li>
<li>210 gr/m²</li>
<li>Coins capuchons</li>
<li>Ourlet 1 cm</li>
<li>50&#215;50 cm</li>
</ul>
<p>Conseil d&#8217;entretien :</p>
<ul>
<li>Lavage à 90 °C</li>
<li>Séchage en machine</li>
</ul>
<p>Le délai de confection standard est de 30 jours. Lors de validation de votre panier, ce délai peut être réduit à 15 jours (avec un surcoût de 20%).</p>
<p>Je reste à votre disposition pour vous conseiller.</p>
<p>N’hésitez pas à me contacter directement si vous avez des questions.</p>

<p>Elles sont brodées sur commande et sont entièrement personnalisables avec un motif de broderie au choix, phrase, mots, prénom(s), une date…</p>

Indiquez le prénom, mot,

Police d'écriture

Vous pouvez choisir la police d'écriture (rubrique personnalisation) et la renseigner ici :

Précisions

Si vous hésitez et avez besoin de conseils, ou pour toute autre demande complémentaire, je vous invite à noter votre demande ci-dessous ou à me contacter avant votre commande.
Dans tous les cas, je vous contacterai pour définir ou finaliser les personnalisations.
