
{"id":5884,"date":"2019-09-05T11:38:06","date_gmt":"2019-09-05T09:38:06","guid":{"rendered":"https:\/\/cecile-delachaux.fr\/?post_type=product&#038;p=5884"},"modified":"2025-07-12T15:59:58","modified_gmt":"2025-07-12T13:59:58","slug":"couverture-personnalisee","status":"publish","type":"product","link":"https:\/\/cecile-delachaux.fr\/index.php\/produit\/couverture-personnalisee\/","title":{"rendered":"Couverture"},"content":{"rendered":"<p>Vous pouvez choisir les tissus ainsi que les motifs de broderie dans l\u2019onglet personnalisation (tous les tissus sont labellis\u00e9s Oeko-Tex).<\/p>\n<p>Au recto de la couverture, vous pouvez choisir de la r\u00e9aliser dans un seul tissu ou deux tissus (3\/4 &#8211; 1\/4)<\/p>\n<p>Au verso, un tissu polaire tout doux (blanc ou \u00e9cru) est propos\u00e9 par d\u00e9faut.<\/p>\n<p>Broderie phosphorescente : vous pouvez choisir un fil phosphorescent pour la broderie, il s&#8217;illumine dans le noir et devient un compagnon rassurant au moment de l&#8217;endormissement des enfants.<\/p>\n<p>Elle est propos\u00e9e en plusieurs tailles :<\/p>\n<ul>\n<li>60 x 80 cm<\/li>\n<li>70 x 100 cm<\/li>\n<li>80 x 120 cm<\/li>\n<li>90 x 140 cm<\/li>\n<li>100 x 160 cm<\/li>\n<li>120 x 180 cm<\/li>\n<li>130 x 200 cm<\/li>\n<li>Autres dimensions (sur demande)<\/li>\n<\/ul>\n<p>Elle peut \u00eatre r\u00e9alis\u00e9e pour l&#8217;hiver ou l&#8217;\u00e9t\u00e9. Pour plus de chaleur et de moelleux, vous pouvez tripler la couverture avec de la ouate labellis\u00e9e Oeko-Tex.<\/p>\n<p>Le d\u00e9lai de confection standard est de 30 jours. Ce d\u00e9lai peut \u00eatre r\u00e9duit \u00e0 15 jours (avec un surco\u00fbt de 20%).<\/p>\n<p>Je reste \u00e0 votre disposition pour vous conseiller.<\/p>\n<p>N\u2019h\u00e9sitez pas \u00e0 <a href=\"mailto:contact@cecile-delachaux.fr\">me contacter<\/a> si vous avez des questions.<\/p>\n","protected":false},"excerpt":{"rendered":"<p>La couverture est r\u00e9alis\u00e9e sur commande et est enti\u00e8rement personnalisable.<\/p>\n<p>Vous pouvez choisir les tissus et motifs de broderie dans l\u2019onglet \u00ab Personnalisation \u00bb . Si vous souhaitez un tissu particulier qui n&#8217;est pas en stock, il est possible de le commander.<\/p>\n<p>Je reste \u00e0 votre disposition pour vous conseiller.<\/p>\n<p>Les prix commencent \u00e0 partir de 59\u20ac broderie comprise.<\/p>\n","protected":false},"featured_media":5885,"template":"","meta":[],"product_brand":[],"product_cat":[163,184,217,205,15,99,101,105,109],"product_tag":[],"class_list":{"0":"post-5884","1":"product","2":"type-product","3":"status-publish","4":"has-post-thumbnail","6":"product_cat-couverture","7":"product_cat-couverture-ecole","8":"product_cat-couverture-en-balade","9":"product_cat-en-balade","10":"product_cat-tous-les-produits","11":"product_cat-chambre","12":"product_cat-ecole","13":"product_cat-occasions-speciales","14":"product_cat-naissance","15":"product_shipping_class-colis","17":"first","18":"instock","19":"shipping-taxable","20":"purchasable","21":"product-type-variable"},"exclude_global_add_ons":true,"addons":{"0":{"name":"Nombre de tissus au recto","type":"multiple_choice","position":0,"required":false,"title_format":"heading","default":"","description_enable":false,"description":"","placeholder_enable":false,"placeholder":"","display":"select","restrictions_type":"any_text","adjust_price":false,"price":"","price_type":"flat_fee","restrictions":false,"min":"0","max":"0","options":[{"label":"Un tissu","price":"","price_type":"flat_fee","image":0,"visibility":true},{"label":"Deux tissus (r\u00e9partition 3\/4 - 1\/4)","price":"","price_type":"flat_fee","image":0,"visibility":true}],"id":1707069232},"1":{"name":"Choix du\/des tissus (recto)","type":"custom_textarea","position":1,"required":false,"title_format":"heading","default":"","description_enable":true,"description":"Veuillez renseigner le(s) tissu(s) choisis ci-dessous. \r\nVous pouvez choisir un ou deux tissus (Tissu en haut : 1\/4 - Tissu en bas : 3\/4).","placeholder_enable":false,"placeholder":"","display":"select","restrictions_type":"any_text","adjust_price":false,"price":"","price_type":"flat_fee","restrictions":false,"min":"0","max":"0","options":[],"id":1707069233},"2":{"name":"Choix du tissu (verso)","type":"custom_text","position":2,"required":false,"title_format":"heading","default":"","description_enable":true,"description":"Par d\u00e9faut, le tissu polaire doux est choisi (comme sur la photo ci-contre).","placeholder_enable":false,"placeholder":"","display":"select","restrictions_type":"any_text","adjust_price":false,"price":"","price_type":"flat_fee","restrictions":false,"min":"0","max":"0","options":[],"id":1707069234},"3":{"name":"Option molleton","type":"multiple_choice","position":3,"required":true,"title_format":"heading","default":"","description_enable":true,"description":"Couverture chaude ou l\u00e9g\u00e8re : Indiquez si vous souhaitez tripler la couverture avec du molleton\/ouatine \u00e0 l'int\u00e9rieur de la couverture pour plus de chaleur.","placeholder_enable":false,"placeholder":"","display":"radiobutton","restrictions_type":"any_text","adjust_price":false,"price":"","price_type":"flat_fee","restrictions":false,"min":"0","max":"0","options":[{"label":"Sans","price":"","price_type":"flat_fee","image":0,"visibility":true},{"label":"Avec","price":"15","price_type":"percentage_based","image":0,"visibility":true}],"id":1707069235},"4":{"name":"Choix du motif de broderie","type":"custom_text","position":4,"required":true,"title_format":"heading","default":"","description_enable":true,"description":"Vous pouvez choisir un motif de broderie et\/ou un texte de votre choix et le renseigner ci-dessous :","placeholder_enable":false,"placeholder":"","display":"select","restrictions_type":"any_text","adjust_price":false,"price":"","price_type":"flat_fee","restrictions":false,"min":"0","max":"0","options":[],"id":1707069236},"5":{"name":"Police de broderie","type":"custom_text","position":5,"required":false,"title_format":"heading","default":"","description_enable":true,"description":"Vous pouvez indiquer la police d'\u00e9criture que vous souhaiteriez. Par d\u00e9faut la police \"P\u00e9n\u00e9lope\" est choisie.","placeholder_enable":false,"placeholder":"","display":"select","restrictions_type":"any_text","adjust_price":false,"price":"","price_type":"flat_fee","restrictions":false,"min":"0","max":"0","options":[],"id":1707069237},"6":{"name":"Couleur du fil de broderie","type":"custom_text","position":6,"required":false,"title_format":"heading","default":"","description_enable":true,"description":"Vous pouvez choisir la couleur du fil de broderie dans l\u2019onglet \u00ab Personnalisation \u00bb et indiquer votre choix :","placeholder_enable":false,"placeholder":"","display":"select","restrictions_type":"any_text","adjust_price":false,"price":"","price_type":"flat_fee","restrictions":false,"min":"0","max":"0","options":[],"id":1707069238},"7":{"name":"Option passepoil","type":"multiple_choice","position":7,"required":true,"title_format":"heading","default":"","description_enable":true,"description":"Indiquez si vous souhaitez un passepoil tout autour de la couverture :","placeholder_enable":false,"placeholder":"","display":"select","restrictions_type":"any_text","adjust_price":false,"price":"","price_type":"flat_fee","restrictions":false,"min":"0","max":"0","options":[{"label":"Sans","price":"","price_type":"flat_fee","image":0,"visibility":true},{"label":"Avec","price":"25","price_type":"percentage_based","image":0,"visibility":true}],"id":1752335357},"9":{"name":"Couleur passepoil","type":"custom_text","position":8,"required":false,"title_format":"label","default":"","description_enable":false,"description":"","placeholder_enable":false,"placeholder":"","display":"select","restrictions_type":"any_text","adjust_price":false,"price":"","price_type":"flat_fee","restrictions":false,"min":"0","max":"0","options":[],"id":1752335998},"8":{"name":"Pr\u00e9cisions","type":"custom_textarea","position":9,"required":false,"title_format":"heading","default":"","description_enable":true,"description":"Si vous n\u2019avez pas pu renseigner toutes les options, si vous h\u00e9sitez et avez besoin de conseils, si vous recherchez un tissu ou un motif de broderie qui ne figurent pas dans l\u2019onglet personnalisation, ou pour toute autre demande compl\u00e9mentaire, je vous invite \u00e0 noter votre demande ci-dessous.\r\nDans tous les cas, je vous contacterai pour d\u00e9finir ou finaliser les personnalisations.","placeholder_enable":false,"placeholder":"","display":"select","restrictions_type":"any_text","adjust_price":false,"price":"","price_type":"flat_fee","restrictions":false,"min":"0","max":"0","options":[],"id":1707069239}},"_links":{"self":[{"href":"https:\/\/cecile-delachaux.fr\/index.php\/wp-json\/wp\/v2\/product\/5884","targetHints":{"allow":["GET"]}}],"collection":[{"href":"https:\/\/cecile-delachaux.fr\/index.php\/wp-json\/wp\/v2\/product"}],"about":[{"href":"https:\/\/cecile-delachaux.fr\/index.php\/wp-json\/wp\/v2\/types\/product"}],"wp:featuredmedia":[{"embeddable":true,"href":"https:\/\/cecile-delachaux.fr\/index.php\/wp-json\/wp\/v2\/media\/5885"}],"wp:attachment":[{"href":"https:\/\/cecile-delachaux.fr\/index.php\/wp-json\/wp\/v2\/media?parent=5884"}],"wp:term":[{"taxonomy":"product_brand","embeddable":true,"href":"https:\/\/cecile-delachaux.fr\/index.php\/wp-json\/wp\/v2\/product_brand?post=5884"},{"taxonomy":"product_cat","embeddable":true,"href":"https:\/\/cecile-delachaux.fr\/index.php\/wp-json\/wp\/v2\/product_cat?post=5884"},{"taxonomy":"product_tag","embeddable":true,"href":"https:\/\/cecile-delachaux.fr\/index.php\/wp-json\/wp\/v2\/product_tag?post=5884"}],"curies":[{"name":"wp","href":"https:\/\/api.w.org\/{rel}","templated":true}]}}