
{"id":6488,"date":"2019-12-05T00:36:18","date_gmt":"2019-12-04T23:36:18","guid":{"rendered":"https:\/\/cecile-delachaux.fr\/?post_type=product&#038;p=6488"},"modified":"2025-05-20T22:37:50","modified_gmt":"2025-05-20T20:37:50","slug":"carte-cadeau","status":"publish","type":"product","link":"https:\/\/cecile-delachaux.fr\/index.php\/produit\/carte-cadeau\/","title":{"rendered":"Carte cadeau"},"content":{"rendered":"<p>Cette carte cadeau fera plaisir \u00e0 coup s\u00fbr. Une id\u00e9e parfaite pour les cadeaux group\u00e9s.<\/p>\n<p>La carte cadeau est valable pendant un an sur l\u2019ensemble du site.<\/p>\n<p>Vous recevrez par e-mail une version \u00e9lectronique. Vous pouvez alors imprimer vous-m\u00eame la carte cadeau (envoy\u00e9e en version .pdf) ou la transf\u00e9rer par e-mail au b\u00e9n\u00e9ficiaire.<\/p>\n<p>Vous avez aussi la possibilit\u00e9 de recevoir la carte cadeau par voie postale en cochant l&#8217;option (les frais d&#8217;envoi sont gratuits pour toute carte d&#8217;un montant sup\u00e9rieur \u00e0 70\u20ac).<\/p>\n<p>Impression sur carte Premium mat (120 x 120 mm, 225 g\/m\u00b2).<\/p>\n<p>Au recto de la carte est imprim\u00e9 le visuel avec la corde \u00e0 linge et &#8220;Surprise !&#8221;. Au verso sera imprim\u00e9 votre texte, ainsi que le montant, la date de validit\u00e9 et le code de la cagnotte. (pour voir les visuels : cf. photos ci-dessus)<\/p>\n<div id=\"templates_block\" class=\"clear\">\n<div><\/div>\n<\/div>\n","protected":false},"excerpt":{"rendered":"<p>Vous souhaitez offrir un cadeau unique et personnalisable. Il est trop tard pour l&#8217;offrir \u00e0 temps ou vous voulez laisser le choix au b\u00e9n\u00e9ficiaire du cadeau et de la personnalisation&#8230; Cette carte est faites pour vous !<\/p>\n","protected":false},"featured_media":14338,"template":"","meta":[],"product_brand":[],"product_cat":[15,105,132,145,108,109,107,112,150],"product_tag":[],"class_list":{"0":"post-6488","1":"product","2":"type-product","3":"status-publish","4":"has-post-thumbnail","6":"product_cat-tous-les-produits","7":"product_cat-occasions-speciales","8":"product_cat-fete-des-meres","9":"product_cat-noel","10":"product_cat-mariage","11":"product_cat-naissance","12":"product_cat-bapteme","13":"product_cat-anniversaire","14":"product_cat-en-stock","15":"product_shipping_class-lettre-suivie","17":"first","18":"instock","19":"sold-individually","20":"shipping-taxable","21":"purchasable","22":"product-type-gift_coupon"},"exclude_global_add_ons":[],"addons":[],"_links":{"self":[{"href":"https:\/\/cecile-delachaux.fr\/index.php\/wp-json\/wp\/v2\/product\/6488","targetHints":{"allow":["GET"]}}],"collection":[{"href":"https:\/\/cecile-delachaux.fr\/index.php\/wp-json\/wp\/v2\/product"}],"about":[{"href":"https:\/\/cecile-delachaux.fr\/index.php\/wp-json\/wp\/v2\/types\/product"}],"wp:featuredmedia":[{"embeddable":true,"href":"https:\/\/cecile-delachaux.fr\/index.php\/wp-json\/wp\/v2\/media\/14338"}],"wp:attachment":[{"href":"https:\/\/cecile-delachaux.fr\/index.php\/wp-json\/wp\/v2\/media?parent=6488"}],"wp:term":[{"taxonomy":"product_brand","embeddable":true,"href":"https:\/\/cecile-delachaux.fr\/index.php\/wp-json\/wp\/v2\/product_brand?post=6488"},{"taxonomy":"product_cat","embeddable":true,"href":"https:\/\/cecile-delachaux.fr\/index.php\/wp-json\/wp\/v2\/product_cat?post=6488"},{"taxonomy":"product_tag","embeddable":true,"href":"https:\/\/cecile-delachaux.fr\/index.php\/wp-json\/wp\/v2\/product_tag?post=6488"}],"curies":[{"name":"wp","href":"https:\/\/api.w.org\/{rel}","templated":true}]}}