
{"id":7284,"date":"2021-01-27T09:44:43","date_gmt":"2021-01-27T08:44:43","guid":{"rendered":"https:\/\/cecile-delachaux.fr\/?post_type=product&#038;p=7284"},"modified":"2026-01-09T14:20:24","modified_gmt":"2026-01-09T13:20:24","slug":"beguin-flanelle-et-fourrure","status":"publish","type":"product","link":"https:\/\/cecile-delachaux.fr\/index.php\/produit\/beguin-flanelle-et-fourrure\/","title":{"rendered":"B\u00e9guin flanelle et fourrure"},"content":{"rendered":"<p>Le b\u00e9guin apporte un c\u00f4t\u00e9 r\u00e9tro au style de l&#8217;enfant.<\/p>\n<p>Il est r\u00e9versible, ce qui permet de varier les looks au gr\u00e9 de vos envies.<\/p>\n<p>Les tailles sont disponibles de la naissance au 6 ans (me contacter pour une autre taille).<\/p>\n<p>Rendez votre b\u00e9guin encore plus unique en brodant l&#8217;initiale de l&#8217;enfant.<\/p>\n<p>Il est possible de l&#8217;associer \u00e0 un snood pour cr\u00e9er un bel ensemble.<\/p>\n<p>Le d\u00e9lai de confection standard est de 30 jours. Lors de validation de votre panier, ce d\u00e9lai peut \u00eatre r\u00e9duit \u00e0 15 jours (avec un surco\u00fbt de 20%).<\/p>\n<p>Je reste \u00e0 votre disposition pour vous conseiller.<\/p>\n<p>N\u2019h\u00e9sitez pas \u00e0 me contacter directement si vous avez des questions.<\/p>\n","protected":false},"excerpt":{"rendered":"<p>Le b\u00e9guin est r\u00e9alis\u00e9 sur commande et est enti\u00e8rement personnalisable.<\/p>\n<p>Choisissez les tissus et motifs de broderie dans l\u2019onglet \u00ab Personnalisation \u00bb et indiquez leurs r\u00e9f\u00e9rences dans les champs pr\u00e9vus ci-dessous :<\/p>\n","protected":false},"featured_media":7297,"template":"","meta":[],"product_brand":[],"product_cat":[194,15],"product_tag":[],"class_list":{"0":"post-7284","1":"product","2":"type-product","3":"status-publish","4":"has-post-thumbnail","6":"product_cat-beguin","7":"product_cat-tous-les-produits","8":"product_shipping_class-lettre-suivie","10":"first","11":"instock","12":"shipping-taxable","13":"purchasable","14":"product-type-simple"},"exclude_global_add_ons":true,"addons":[{"name":"Choix du tissu ext\u00e9rieur","type":"custom_text","position":0,"required":false,"title_format":"heading","default":"","description_enable":true,"description":"Choisissez un tissu en flanelle :","placeholder_enable":false,"placeholder":"","display":"select","restrictions_type":"any_text","adjust_price":false,"price":"","price_type":"flat_fee","restrictions":false,"min":"0","max":"0","options":[],"id":1695593785},{"name":"Choix du tissu int\u00e9rieur (fourrure)","type":"multiple_choice","position":1,"required":true,"title_format":"heading","default":"","description_enable":false,"description":"","placeholder_enable":false,"placeholder":"","display":"select","restrictions_type":"any_text","adjust_price":false,"price":"","price_type":"flat_fee","restrictions":false,"min":"0","max":"0","options":[{"label":"Sherpa blanche","price":"","price_type":"flat_fee","image":7309,"visibility":true},{"label":"Sherpa \u00e9cru","price":"","price_type":"flat_fee","image":7310,"visibility":true},{"label":"Tissu doudou blanc","price":"","price_type":"flat_fee","image":7040,"visibility":true},{"label":"Tissu doudou \u00e9cru","price":"","price_type":"flat_fee","image":7041,"visibility":true}],"id":1695593786},{"name":"Choix du motif de broderie","type":"custom_text","position":2,"required":false,"title_format":"heading","default":"","description_enable":true,"description":"Pr\u00e9cisez si vous souhaitez personnaliser votre b\u00e9guin avec l'initiale de votre enfant ou un petit motif de broderie.\r\nMerci d'indiquer aussi la couleur souhait\u00e9e.","placeholder_enable":false,"placeholder":"","display":"select","restrictions_type":"any_text","adjust_price":false,"price":"","price_type":"flat_fee","restrictions":false,"min":"0","max":"0","options":[],"id":1695593787},{"name":"Couleur du passepoil","type":"custom_text","position":3,"required":false,"title_format":"heading","default":"","description_enable":true,"description":"Si vous avez une pr\u00e9f\u00e9rence, indiquez la couleur que vous souhaiteriez (l'initiale brod\u00e9e sera de la m\u00eame couleur) :","placeholder_enable":false,"placeholder":"","display":"select","restrictions_type":"any_text","adjust_price":false,"price":"","price_type":"flat_fee","restrictions":false,"min":"0","max":"0","options":[],"id":1695593788},{"name":"Taille","type":"multiple_choice","position":4,"required":true,"title_format":"heading","default":"","description_enable":false,"description":"","placeholder_enable":false,"placeholder":"","display":"select","restrictions_type":"any_text","adjust_price":false,"price":"","price_type":"flat_fee","restrictions":false,"min":"0","max":"0","options":[{"label":"A d\u00e9finir","price":"","price_type":"flat_fee","image":0,"visibility":true},{"label":"Naissance","price":"","price_type":"flat_fee","image":0,"visibility":true},{"label":"3 mois","price":"","price_type":"flat_fee","image":0,"visibility":true},{"label":"6 mois","price":"","price_type":"flat_fee","image":0,"visibility":true},{"label":"12 mois","price":"","price_type":"flat_fee","image":0,"visibility":true},{"label":"18 mois","price":"","price_type":"flat_fee","image":0,"visibility":true},{"label":"2 ans","price":"","price_type":"flat_fee","image":0,"visibility":true},{"label":"3 ans","price":"","price_type":"flat_fee","image":0,"visibility":true},{"label":"4 ans","price":"","price_type":"flat_fee","image":0,"visibility":true},{"label":"5 ans","price":"","price_type":"flat_fee","image":0,"visibility":true},{"label":"6 ans","price":"","price_type":"flat_fee","image":0,"visibility":true}],"id":1695593789},{"name":"PC et \u00e2ge de l'enfant","type":"custom_text","position":5,"required":false,"title_format":"heading","default":"","description_enable":true,"description":"Merci de renseigner l'\u00e2ge de l'enfant ainsi que la derni\u00e8re mesure de son p\u00e9rim\u00e8tre et \u00e0 quel \u00e2ge il a \u00e9t\u00e9 mesur\u00e9. Ces informations me permettrons de r\u00e9aliser un b\u00e9guin adapt\u00e9 \u00e0 la taille de votre enfant.","placeholder_enable":false,"placeholder":"","display":"select","restrictions_type":"any_text","adjust_price":false,"price":"","price_type":"flat_fee","restrictions":false,"min":"0","max":"0","options":[],"id":1695593790},{"name":"Autres pr\u00e9cisions","type":"custom_textarea","position":6,"required":false,"title_format":"heading","default":"","description_enable":true,"description":"Si vous n\u2019avez pas pu renseigner toutes les options, si vous h\u00e9sitez et avez besoin de conseils, si vous recherchez un tissu ou un motif de broderie qui ne figurent pas dans l\u2019onglet personnalisation, ou pour toute autre demande compl\u00e9mentaire, je vous invite \u00e0 noter votre demande ci-dessous.\r\nDans tous les cas, je vous contacterai pour d\u00e9finir ou finaliser les personnalisations.","placeholder_enable":false,"placeholder":"","display":"select","restrictions_type":"any_text","adjust_price":false,"price":"","price_type":"flat_fee","restrictions":false,"min":"0","max":"0","options":[],"id":1695593791}],"_links":{"self":[{"href":"https:\/\/cecile-delachaux.fr\/index.php\/wp-json\/wp\/v2\/product\/7284","targetHints":{"allow":["GET"]}}],"collection":[{"href":"https:\/\/cecile-delachaux.fr\/index.php\/wp-json\/wp\/v2\/product"}],"about":[{"href":"https:\/\/cecile-delachaux.fr\/index.php\/wp-json\/wp\/v2\/types\/product"}],"wp:featuredmedia":[{"embeddable":true,"href":"https:\/\/cecile-delachaux.fr\/index.php\/wp-json\/wp\/v2\/media\/7297"}],"wp:attachment":[{"href":"https:\/\/cecile-delachaux.fr\/index.php\/wp-json\/wp\/v2\/media?parent=7284"}],"wp:term":[{"taxonomy":"product_brand","embeddable":true,"href":"https:\/\/cecile-delachaux.fr\/index.php\/wp-json\/wp\/v2\/product_brand?post=7284"},{"taxonomy":"product_cat","embeddable":true,"href":"https:\/\/cecile-delachaux.fr\/index.php\/wp-json\/wp\/v2\/product_cat?post=7284"},{"taxonomy":"product_tag","embeddable":true,"href":"https:\/\/cecile-delachaux.fr\/index.php\/wp-json\/wp\/v2\/product_tag?post=7284"}],"curies":[{"name":"wp","href":"https:\/\/api.w.org\/{rel}","templated":true}]}}