
{"id":7676,"date":"2021-02-04T20:04:56","date_gmt":"2021-02-04T19:04:56","guid":{"rendered":"https:\/\/cecile-delachaux.fr\/?post_type=product&#038;p=7676"},"modified":"2026-01-09T14:20:27","modified_gmt":"2026-01-09T13:20:27","slug":"sac-de-couchage-enfant-slf","status":"publish","type":"product","link":"https:\/\/cecile-delachaux.fr\/index.php\/produit\/sac-de-couchage-enfant-slf\/","title":{"rendered":"Sac de couchage enfant tissu Sous le figuier"},"content":{"rendered":"<p>Ce sac de couchage est id\u00e9al pour les siestes de l&#8217;enfant qui entre en maternelle. Il pourra \u00e9galement servir de couchage d&#8217;appoint en sortie dans la famille\/chez des amis, ou lors de soir\u00e9es pyjamas entre copains!<\/p>\n<p>Vous pouvez choisir les tissus ainsi que les motifs de broderie dans l\u2019onglet personnalisation.<\/p>\n<p>Pour l&#8217;ext\u00e9rieur, je propose de r\u00e9aliser le sac en tissu uni (matelass\u00e9, coton, popeline, double gaze, lin&#8230;), le tissu imprim\u00e9 se situe sur la taie, la poche et le revers. Toutefois, il est possible sur demande de r\u00e9aliser le sac avec un tissu imprim\u00e9 sur tout l&#8217;ext\u00e9rieur.<\/p>\n<p>Pour l&#8217;int\u00e9rieur, j&#8217;accorde le tissu en fonction des tissus s\u00e9lectionn\u00e9s.<\/p>\n<p>Le sac de couchage est chaud et moelleux gr\u00e2ce \u00e0 sa doublure en ouatine.<\/p>\n<p>Pour plus de confort, une ouverture est pr\u00e9vue sous la taie pour y glisser un oreiller (40 x 60 cm).<\/p>\n<p>Une poche devant permet de ranger doudou et t\u00e9tine.<\/p>\n<p>Le sac s&#8217;ouvre sur le c\u00f4t\u00e9 \u00e0 l&#8217;aide d&#8217;une longue fermeture \u00e9clair.<\/p>\n<p>Il mesure 60 x 150 cm (2 \u00e0 8 ans). La longueur peut \u00eatre r\u00e9duite \u00e0 130 ou 110 cm gr\u00e2ce aux pressions situ\u00e9es dessous (en option).<\/p>\n<div class=\"product-essential__information-container\">\n<div id=\"long_description_block\">\n<div id=\"long_description_content\" class=\"align_justify expanded\">\n<p>Le sac de couchage est livr\u00e9 avec son sac pochon.<\/p>\n<\/div>\n<\/div>\n<\/div>\n<p>La livraison est offerte pour ce produit !<\/p>\n<p>Le d\u00e9lai de confection standard est de 30 jours. Ce d\u00e9lai peut \u00eatre r\u00e9duit \u00e0 15 jours (avec un surco\u00fbt de 20%).<\/p>\n<p>Je reste \u00e0 votre disposition pour vous conseiller.<\/p>\n<p>N\u2019h\u00e9sitez pas \u00e0 <a href=\"mailto:contact@cecile-delachaux.fr\">me contacter<\/a> si vous avez des questions.<\/p>\n","protected":false},"excerpt":{"rendered":"<p>Le sac de couchage est r\u00e9alis\u00e9 sur commande et est enti\u00e8rement personnalisable.<\/p>\n<p>Vous pouvez choisir les tissus et motifs de broderie dans l\u2019onglet \u00ab Personnalisation \u00bb . Si vous souhaitez un tissu particulier qui n&#8217;est pas en stock, il est possible de le commander.<\/p>\n<p>Je reste \u00e0 votre disposition pour vous conseiller.<\/p>\n","protected":false},"featured_media":7667,"template":"","meta":[],"product_brand":[],"product_cat":[205,247,185,199,15,99,101],"product_tag":[],"class_list":{"0":"post-7676","1":"product","2":"type-product","3":"status-publish","4":"has-post-thumbnail","6":"product_cat-en-balade","7":"product_cat-sac-de-couchage-en-balade","8":"product_cat-sac-de-couchage","9":"product_cat-sac-de-couchage-chambre","10":"product_cat-tous-les-produits","11":"product_cat-chambre","12":"product_cat-ecole","13":"product_shipping_class-colis","15":"first","16":"instock","17":"shipping-taxable","18":"purchasable","19":"product-type-variable"},"exclude_global_add_ons":true,"addons":[{"name":"Choix du tissu uni","type":"custom_text","position":0,"required":false,"title_format":"heading","default":"","description_enable":true,"description":"Choisissez un tissu uni : indiquez la couleur que vous souhaitez et la mati\u00e8re (matelass\u00e9, coton, double gaze,...) :","placeholder_enable":false,"placeholder":"","display":"select","restrictions_type":"any_text","adjust_price":false,"price":"","price_type":"flat_fee","restrictions":false,"min":"0","max":"0","options":[],"id":1669590135},{"name":"Choix du tissu \u00e0 motifs","type":"custom_text","position":1,"required":false,"title_format":"heading","default":"","description_enable":false,"description":"Choisissez un tissu Sous Le Figuier :","placeholder_enable":false,"placeholder":"","display":"select","restrictions_type":"any_text","adjust_price":false,"price":"","price_type":"flat_fee","restrictions":false,"min":"0","max":"0","options":[],"id":1669590136},{"name":"Choix du motif de broderie","type":"custom_text","position":2,"required":false,"title_format":"heading","default":"","description_enable":true,"description":"Vous pouvez choisir un motif de broderie et\/ou un texte de votre choix et le renseigner ci-dessous :","placeholder_enable":false,"placeholder":"","display":"select","restrictions_type":"any_text","adjust_price":false,"price":"","price_type":"flat_fee","restrictions":false,"min":"0","max":"0","options":[],"id":1669590137},{"name":"Couleur des fils","type":"custom_text","position":3,"required":false,"title_format":"heading","default":"","description_enable":false,"description":"","placeholder_enable":false,"placeholder":"","display":"select","restrictions_type":"any_text","adjust_price":false,"price":"","price_type":"flat_fee","restrictions":false,"min":"0","max":"0","options":[],"id":1669590138},{"name":"Boutons pressions","type":"multiple_choice","position":4,"required":true,"title_format":"heading","default":"","description_enable":true,"description":"Indiquez si vous souhaitez des pressions dessous pour r\u00e9duire la longueur du sac en fonction de la taille de l'enfant :","placeholder_enable":false,"placeholder":"","display":"radiobutton","restrictions_type":"any_text","adjust_price":false,"price":"","price_type":"flat_fee","restrictions":false,"min":"0","max":"0","options":[{"label":"Oui","price":"","price_type":"flat_fee","image":0,"visibility":true},{"label":"Non","price":"","price_type":"flat_fee","image":0,"visibility":true}],"id":1669590139},{"name":"Option broderie pochon","type":"checkbox","position":5,"required":false,"title_format":"heading","default":"","description_enable":true,"description":"Si vous souhaitez broder le pochon qui accompagne le sac de couchage, cochez la case suivante :","placeholder_enable":false,"placeholder":"","display":"select","restrictions_type":"any_text","adjust_price":false,"price":"","price_type":"flat_fee","restrictions":false,"min":"0","max":"0","options":[{"label":"Broderie pochon","price":"10","price_type":"quantity_based","image":0,"visibility":true}],"id":1669590140},{"name":"Choix de la broderie du pochon","type":"custom_text","position":6,"required":false,"title_format":"heading","default":"","description_enable":true,"description":"Indiquez le motif de broderie que vous souhaitez broder dessus :","placeholder_enable":false,"placeholder":"","display":"select","restrictions_type":"any_text","adjust_price":false,"price":"","price_type":"flat_fee","restrictions":false,"min":"0","max":"0","options":[],"id":1669590141},{"name":"Broderie sur-mesure","type":"checkbox","position":7,"required":false,"title_format":"heading","default":"","description_enable":true,"description":"Si vous souhaitez r\u00e9aliser une broderie sur-mesure \u00e0 partir d'une image (dessin, empreintes ou mots manuscrits par exemple), cochez cette option. Pour les broderies disponibles sur le site, cette option n'est pas utile.\r\nRetrouvez tous les renseignements sur la page <a href=\"\/index.php\/personnalisation\/broderie\/broderie-sur-mesure\/\" target=\"_blank\">Broderie sur-mesure<\/a>.","placeholder_enable":false,"placeholder":"","display":"select","restrictions_type":"any_text","adjust_price":false,"price":"","price_type":"flat_fee","restrictions":false,"min":"0","max":"0","options":[{"label":"Pr\u00e9cieux souvenir","price":"10","price_type":"flat_fee","image":0,"visibility":true}],"id":1669590142},{"name":"Broderie suppl\u00e9mentaire","type":"custom_textarea","position":8,"required":false,"title_format":"heading","default":"","description_enable":true,"description":"Il est possible de broder une inscription suppl\u00e9mentaire \u00e0 l'endroit de votre choix :\r\n\u2013 Pr\u00e9nom et Nom de famille\r\n\u2013 mots, initiales,\u2026\r\n\u2013 motifs, symboles\u2026\r\nD\u00e9tail de votre broderie suppl\u00e9mentaire :","placeholder_enable":false,"placeholder":"","display":"select","restrictions_type":"any_text","adjust_price":true,"price":"5","price_type":"quantity_based","restrictions":false,"min":"0","max":"0","options":[],"id":1669590143},{"name":"Autres pr\u00e9cisions","type":"custom_textarea","position":9,"required":false,"title_format":"heading","default":"","description_enable":true,"description":"Si vous n\u2019avez pas pu renseigner toutes les options, si vous h\u00e9sitez et avez besoin de conseils, si vous recherchez un tissu ou un motif de broderie qui ne figurent pas dans l\u2019onglet personnalisation, ou pour toute autre demande compl\u00e9mentaire, je vous invite \u00e0 noter votre demande ci-dessous.\r\nDans tous les cas, je vous contacterai pour d\u00e9finir ou finaliser les personnalisations.","placeholder_enable":false,"placeholder":"","display":"select","restrictions_type":"any_text","adjust_price":false,"price":"","price_type":"flat_fee","restrictions":false,"min":"0","max":"0","options":[],"id":1669590144}],"_links":{"self":[{"href":"https:\/\/cecile-delachaux.fr\/index.php\/wp-json\/wp\/v2\/product\/7676","targetHints":{"allow":["GET"]}}],"collection":[{"href":"https:\/\/cecile-delachaux.fr\/index.php\/wp-json\/wp\/v2\/product"}],"about":[{"href":"https:\/\/cecile-delachaux.fr\/index.php\/wp-json\/wp\/v2\/types\/product"}],"wp:featuredmedia":[{"embeddable":true,"href":"https:\/\/cecile-delachaux.fr\/index.php\/wp-json\/wp\/v2\/media\/7667"}],"wp:attachment":[{"href":"https:\/\/cecile-delachaux.fr\/index.php\/wp-json\/wp\/v2\/media?parent=7676"}],"wp:term":[{"taxonomy":"product_brand","embeddable":true,"href":"https:\/\/cecile-delachaux.fr\/index.php\/wp-json\/wp\/v2\/product_brand?post=7676"},{"taxonomy":"product_cat","embeddable":true,"href":"https:\/\/cecile-delachaux.fr\/index.php\/wp-json\/wp\/v2\/product_cat?post=7676"},{"taxonomy":"product_tag","embeddable":true,"href":"https:\/\/cecile-delachaux.fr\/index.php\/wp-json\/wp\/v2\/product_tag?post=7676"}],"curies":[{"name":"wp","href":"https:\/\/api.w.org\/{rel}","templated":true}]}}