
{"id":7927,"date":"2021-02-11T22:39:26","date_gmt":"2021-02-11T21:39:26","guid":{"rendered":"https:\/\/cecile-delachaux.fr\/?post_type=product&#038;p=7927"},"modified":"2026-01-09T14:20:23","modified_gmt":"2026-01-09T13:20:23","slug":"ensemble-bavoir-a-nouer-et-lange-naissance-bapteme","status":"publish","type":"product","link":"https:\/\/cecile-delachaux.fr\/index.php\/produit\/ensemble-bavoir-a-nouer-et-lange-naissance-bapteme\/","title":{"rendered":"Ensemble bavoir \u00e0 nouer et lange (bapt\u00eame)"},"content":{"rendered":"<p>Bavoir \u00e0 nouer enti\u00e8rement personnalisable. Vous pouvez choisir le col, les tissus ainsi que les motifs de broderie dans l\u2019onglet personnalisation et renseigner vos choix ci-dessus. Il convient pour des enfants de la naissance \u00e0 36 mois.<\/p>\n<p>Grand lange (80x80cm) en double gaze de coton blanc certifi\u00e9 Oeko-tex Standard 100. Un lange unique qui pla\u00eet beaucoup en cadeau de naissance. Il est enti\u00e8rement personnalisable et unique. Vous choisissez le motif de broderie et couleurs de fils. Vous pouvez broder le pr\u00e9nom du b\u00e9b\u00e9 et pourquoi pas la date de naissance, taille, poids, heure, lieu,&#8230; Le lange personnalis\u00e9 est un cadeau de naissance tr\u00e8s appr\u00e9ci\u00e9 des jeunes parents. Il est tr\u00e8s utile les premiers mois et deviendra peut-\u00eatre son doudou ! Il restera un joli souvenir du trousseau de naissance de b\u00e9b\u00e9.<\/p>\n<p>Le d\u00e9lai de confection standard est de 30 jours. Lors de validation de votre panier, ce d\u00e9lai peut \u00eatre r\u00e9duit \u00e0 15 jours (avec un surco\u00fbt de 20%).<\/p>\n<p>Je reste \u00e0 votre disposition pour vous conseiller.<\/p>\n<p>N\u2019h\u00e9sitez pas \u00e0 me contacter directement si vous avez des questions.<\/p>\n","protected":false},"excerpt":{"rendered":"<div class=\"woocommerce-product-details__short-description\">\n<div class=\"woocommerce-product-details__short-description\">\n<p>Le bavoir et le lange sont r\u00e9alis\u00e9s sur commande et sont enti\u00e8rement personnalisables.<\/p>\n<p>Choisissez les tissus et motifs de broderie dans l\u2019onglet \u00ab Personnalisation \u00bb et indiquez leurs r\u00e9f\u00e9rences dans les champs pr\u00e9vus ci-dessous :<\/p>\n<\/div>\n<\/div>\n","protected":false},"featured_media":7923,"template":"","meta":[],"product_brand":[],"product_cat":[156,209,155,15,105,107,106],"product_tag":[],"class_list":{"0":"post-7927","1":"product","2":"type-product","3":"status-publish","4":"has-post-thumbnail","6":"product_cat-bavoir","7":"product_cat-bavoir-et-lange","8":"product_cat-lange","9":"product_cat-tous-les-produits","10":"product_cat-occasions-speciales","11":"product_cat-bapteme","12":"product_cat-les-packs","13":"product_shipping_class-lettre-suivie","15":"first","16":"instock","17":"shipping-taxable","18":"purchasable","19":"product-type-simple"},"exclude_global_add_ons":true,"addons":[{"name":"Type de col (bavoir)","type":"multiple_choice","position":0,"required":true,"title_format":"heading","default":"","description_enable":false,"description":"","placeholder_enable":false,"placeholder":"","display":"select","restrictions_type":"any_text","adjust_price":false,"price":"","price_type":"flat_fee","restrictions":false,"min":"0","max":"0","options":[{"label":"Sans col","price":"","price_type":"flat_fee","image":0,"visibility":true},{"label":"Col Claudine","price":"4","price_type":"quantity_based","image":0,"visibility":true},{"label":"Col Polo","price":"4","price_type":"quantity_based","image":0,"visibility":true},{"label":"Col Pierrot","price":"4","price_type":"quantity_based","image":0,"visibility":true}],"id":1695600111},{"name":"Choix des tissus (bavoir)","type":"custom_textarea","position":1,"required":false,"title_format":"heading","default":"","description_enable":true,"description":"Veuillez renseigner les tissus choisis (recto, verso, col, motif avec tissu appliqu\u00e9) ci-dessous :","placeholder_enable":false,"placeholder":"","display":"select","restrictions_type":"any_text","adjust_price":false,"price":"","price_type":"flat_fee","restrictions":false,"min":"0","max":"0","options":[],"id":1695600112},{"name":"Choix du motif de broderie (bavoir)","type":"custom_text","position":2,"required":false,"title_format":"heading","default":"","description_enable":true,"description":"Vous pouvez choisir un motif de broderie et\/ou un texte de votre choix (pr\u00e9nom, initiales, date\u2026) et les renseigner ci-dessous :","placeholder_enable":false,"placeholder":"","display":"select","restrictions_type":"any_text","adjust_price":false,"price":"","price_type":"flat_fee","restrictions":false,"min":"0","max":"0","options":[],"id":1695600113},{"name":"Couleur du biais (bavoir)","type":"custom_text","position":3,"required":false,"title_format":"heading","default":"","description_enable":true,"description":"Si vous avez une pr\u00e9f\u00e9rence, indiquez la couleur que vous souhaiteriez :","placeholder_enable":false,"placeholder":"","display":"select","restrictions_type":"any_text","adjust_price":false,"price":"","price_type":"flat_fee","restrictions":false,"min":"0","max":"0","options":[],"id":1695600114},{"name":"Police de caract\u00e8re","type":"custom_text","position":4,"required":false,"title_format":"heading","default":"","description_enable":false,"description":"","placeholder_enable":false,"placeholder":"","display":"select","restrictions_type":"any_text","adjust_price":false,"price":"","price_type":"flat_fee","restrictions":false,"min":"0","max":"0","options":[],"id":1695600115},{"name":"Couleur des fils","type":"custom_text","position":5,"required":false,"title_format":"heading","default":"","description_enable":false,"description":"","placeholder_enable":false,"placeholder":"","display":"select","restrictions_type":"any_text","adjust_price":false,"price":"","price_type":"flat_fee","restrictions":false,"min":"0","max":"0","options":[],"id":1695600116},{"name":"Choix de la broderie (lange)","type":"custom_text","position":6,"required":false,"title_format":"heading","default":"","description_enable":true,"description":"Vous pouvez choisir un motif de broderie et\/ou un texte de votre choix (pr\u00e9nom, date, coordonn\u00e9es gps, mensurations naissance\u2026) ainsi que les couleurs des fils et les renseigner ci-dessous :","placeholder_enable":false,"placeholder":"","display":"select","restrictions_type":"any_text","adjust_price":false,"price":"","price_type":"flat_fee","restrictions":false,"min":"0","max":"0","options":[],"id":1695600117},{"name":"Broderie suppl\u00e9mentaire","type":"custom_text","position":7,"required":false,"title_format":"heading","default":"","description_enable":true,"description":"- Bordure : r\u00e9p\u00e9tition d'une phrase, de mots ou motif \u00e0 coudre sur le bord du lange (\u00e0 renseigner avec le motif de broderie choisi ou me contacter).\r\n- Coordonn\u00e9es GPS : brod\u00e9es dans un coin du lange (merci de me donner l'adresse d\u00e9sir\u00e9e)","placeholder_enable":false,"placeholder":"","display":"select","restrictions_type":"any_text","adjust_price":true,"price":"5","price_type":"quantity_based","restrictions":false,"min":"0","max":"0","options":[],"id":1695600118},{"name":"Broderie sur-mesure","type":"checkbox","position":8,"required":false,"title_format":"heading","default":"","description_enable":true,"description":"Si vous souhaitez r\u00e9aliser une broderie sur-mesure \u00e0 partir d'une image (dessin, empreintes ou mots manuscrits par exemple), cochez cette option. Pour les broderies disponibles sur le site, cette option n'est pas utile.\r\nRetrouvez tous les renseignements sur la page <a href=\"\/index.php\/personnalisation\/broderie\/broderie-sur-mesure\/\" target=\"_blank\">Broderie sur-mesure<\/a>.","placeholder_enable":false,"placeholder":"","display":"select","restrictions_type":"any_text","adjust_price":false,"price":"","price_type":"flat_fee","restrictions":false,"min":"0","max":"0","options":[{"label":"Pr\u00e9cieux souvenirs","price":"10","price_type":"flat_fee","image":0,"visibility":true}],"id":1695600119},{"name":"Autres pr\u00e9cisions","type":"custom_textarea","position":9,"required":false,"title_format":"heading","default":"","description_enable":true,"description":"Si vous n'avez pas pu renseigner toutes les options, si vous h\u00e9sitez, si vous recherchez un tissu ou un motif de broderie qui ne figurent pas dans l'onglet personnalisation, ou pour toute autre demande compl\u00e9mentaire, je vous invite \u00e0 noter votre demande ci-dessous :","placeholder_enable":false,"placeholder":"","display":"select","restrictions_type":"any_text","adjust_price":false,"price":"","price_type":"flat_fee","restrictions":false,"min":"0","max":"0","options":[],"id":1695600120}],"_links":{"self":[{"href":"https:\/\/cecile-delachaux.fr\/index.php\/wp-json\/wp\/v2\/product\/7927","targetHints":{"allow":["GET"]}}],"collection":[{"href":"https:\/\/cecile-delachaux.fr\/index.php\/wp-json\/wp\/v2\/product"}],"about":[{"href":"https:\/\/cecile-delachaux.fr\/index.php\/wp-json\/wp\/v2\/types\/product"}],"wp:featuredmedia":[{"embeddable":true,"href":"https:\/\/cecile-delachaux.fr\/index.php\/wp-json\/wp\/v2\/media\/7923"}],"wp:attachment":[{"href":"https:\/\/cecile-delachaux.fr\/index.php\/wp-json\/wp\/v2\/media?parent=7927"}],"wp:term":[{"taxonomy":"product_brand","embeddable":true,"href":"https:\/\/cecile-delachaux.fr\/index.php\/wp-json\/wp\/v2\/product_brand?post=7927"},{"taxonomy":"product_cat","embeddable":true,"href":"https:\/\/cecile-delachaux.fr\/index.php\/wp-json\/wp\/v2\/product_cat?post=7927"},{"taxonomy":"product_tag","embeddable":true,"href":"https:\/\/cecile-delachaux.fr\/index.php\/wp-json\/wp\/v2\/product_tag?post=7927"}],"curies":[{"name":"wp","href":"https:\/\/api.w.org\/{rel}","templated":true}]}}