
{"id":8338,"date":"2021-09-13T16:13:32","date_gmt":"2021-09-13T14:13:32","guid":{"rendered":"https:\/\/cecile-delachaux.fr\/?post_type=product&#038;p=8338"},"modified":"2025-12-03T00:31:14","modified_gmt":"2025-12-02T23:31:14","slug":"trousse-plate-arrondie-a-personnaliser","status":"publish","type":"product","link":"https:\/\/cecile-delachaux.fr\/index.php\/produit\/trousse-plate-arrondie-a-personnaliser\/","title":{"rendered":"Trousse plate arrondie &#8220;\u00e0 personnaliser&#8221;"},"content":{"rendered":"<p>La broderie de la trousse en coton est enti\u00e8rement personnalisable.<\/p>\n<div class=\"column-right\">\n<p>D\u00e9tails : 100% toile de coton biologique bross\u00e9e. <span class=\"bold\">407g\/m.<\/span><\/p>\n<ul>\n<li>Multi-usage<\/li>\n<li>Dragonne : Longueur de la poign\u00e9e 15cm<\/li>\n<li>Coton certifi\u00e9 par Control Union<\/li>\n<li>Tissu premi\u00e8re qualit\u00e9<\/li>\n<li>Fermeture zipp\u00e9e<\/li>\n<li>Disponible en deux tailles : S et L<\/li>\n<\/ul>\n<p>Tailles :<\/p>\n<ul>\n<li>S &#8211; Dimensions : 19 x 17 cm &#8211; Volume : 1 litre<\/li>\n<li>L &#8211; Dimensions : 28 x 22 cm &#8211; Volume : 2 litres<a href=\"https:\/\/cecile-delachaux.fr\/index.php\/personnalisation\/broderie\/broderie-sur-mesure\/\"><strong><br \/>\n<\/strong><\/a><\/li>\n<\/ul>\n<\/div>\n<p>Le d\u00e9lai de confection standard est de 30 jours. Lors de validation de votre panier, ce d\u00e9lai peut \u00eatre r\u00e9duit \u00e0 15 jours (avec un surco\u00fbt de 20%).<\/p>\n<p>Je reste \u00e0 votre disposition pour vous conseiller.<\/p>\n<p>N\u2019h\u00e9sitez pas \u00e0 me contacter directement si vous avez des questions.<\/p>\n<p>&nbsp;<\/p>\n","protected":false},"excerpt":{"rendered":"<p>La trousse est brod\u00e9e sur commande et est enti\u00e8rement personnalisable.<\/p>\n","protected":false},"featured_media":8339,"template":"","meta":[],"product_brand":[],"product_cat":[235,236,219,238,179,15,102,105,132,112],"product_tag":[],"class_list":{"0":"post-8338","1":"product","2":"type-product","3":"status-publish","4":"has-post-thumbnail","6":"product_cat-collections","7":"product_cat-initiale","8":"product_cat-pochon-pochette-et-trousse","9":"product_cat-trousse-initiale","10":"product_cat-trousse","11":"product_cat-tous-les-produits","12":"product_cat-rangements","13":"product_cat-occasions-speciales","14":"product_cat-fete-des-meres","15":"product_cat-anniversaire","16":"product_shipping_class-lettre-suivie","18":"first","19":"instock","20":"shipping-taxable","21":"purchasable","22":"product-type-variable"},"exclude_global_add_ons":true,"addons":[{"name":"Choix de la broderie","type":"multiple_choice","position":0,"required":false,"title_format":"heading","default":"","description_enable":false,"description":"","placeholder_enable":false,"placeholder":"","display":"select","restrictions_type":"any_text","adjust_price":false,"price":"","price_type":"flat_fee","restrictions":false,"min":"0","max":"0","options":[{"label":"Initiale\/chiffre fleuri","price":"","price_type":"flat_fee","image":0,"visibility":true},{"label":"Date fleurie","price":"5","price_type":"quantity_based","image":0,"visibility":true},{"label":"Mot fleuri","price":"10","price_type":"quantity_based","image":0,"visibility":true}],"id":1718044555},{"name":"Initiale \/ Chiffre","type":"custom_text","position":1,"required":false,"title_format":"heading","default":"","description_enable":false,"description":"","placeholder_enable":false,"placeholder":"","display":"select","restrictions_type":"any_text","adjust_price":false,"price":"","price_type":"flat_fee","restrictions":false,"min":"0","max":"0","options":[],"id":1718044550},{"name":"Pr\u00e9nom \/ Mot","type":"custom_text","position":2,"required":false,"title_format":"heading","default":"","description_enable":false,"description":"","placeholder_enable":false,"placeholder":"","display":"select","restrictions_type":"any_text","adjust_price":false,"price":"","price_type":"flat_fee","restrictions":false,"min":"0","max":"0","options":[],"id":1718044551},{"name":"Couleur des fils de broderie","type":"custom_text","position":3,"required":false,"title_format":"heading","default":"","description_enable":true,"description":"Indiquez les nuances de couleurs que vous souhaiteriez :","placeholder_enable":false,"placeholder":"","display":"select","restrictions_type":"any_text","adjust_price":false,"price":"","price_type":"flat_fee","restrictions":false,"min":"0","max":"0","options":[],"id":1718044552},{"name":"Broderie suppl\u00e9mentaire","type":"custom_text","position":4,"required":false,"title_format":"heading","default":"","description_enable":true,"description":"Broderie ajout\u00e9e au verso de la trousse :\r\n- Coordonn\u00e9es GPS (merci de me donner l'adresse d\u00e9sir\u00e9e)\r\n- Message, initiales, mots, phrase,...\r\n- Symbole, motif,...","placeholder_enable":false,"placeholder":"","display":"select","restrictions_type":"any_text","adjust_price":true,"price":"10","price_type":"quantity_based","restrictions":false,"min":"0","max":"0","options":[],"id":1718044553},{"name":"Pr\u00e9cisions","type":"custom_textarea","position":5,"required":false,"title_format":"heading","default":"","description_enable":true,"description":"Si vous h\u00e9sitez et avez besoin de conseils, ou pour toute autre demande compl\u00e9mentaire, je vous invite \u00e0 noter votre demande ci-dessous ou \u00e0 me contacter avant votre commande.\r\nDans tous les cas, je vous contacterai pour d\u00e9finir ou finaliser les personnalisations.","placeholder_enable":false,"placeholder":"","display":"select","restrictions_type":"any_text","adjust_price":false,"price":"","price_type":"flat_fee","restrictions":false,"min":"0","max":"0","options":[],"id":1718044554}],"_links":{"self":[{"href":"https:\/\/cecile-delachaux.fr\/index.php\/wp-json\/wp\/v2\/product\/8338","targetHints":{"allow":["GET"]}}],"collection":[{"href":"https:\/\/cecile-delachaux.fr\/index.php\/wp-json\/wp\/v2\/product"}],"about":[{"href":"https:\/\/cecile-delachaux.fr\/index.php\/wp-json\/wp\/v2\/types\/product"}],"wp:featuredmedia":[{"embeddable":true,"href":"https:\/\/cecile-delachaux.fr\/index.php\/wp-json\/wp\/v2\/media\/8339"}],"wp:attachment":[{"href":"https:\/\/cecile-delachaux.fr\/index.php\/wp-json\/wp\/v2\/media?parent=8338"}],"wp:term":[{"taxonomy":"product_brand","embeddable":true,"href":"https:\/\/cecile-delachaux.fr\/index.php\/wp-json\/wp\/v2\/product_brand?post=8338"},{"taxonomy":"product_cat","embeddable":true,"href":"https:\/\/cecile-delachaux.fr\/index.php\/wp-json\/wp\/v2\/product_cat?post=8338"},{"taxonomy":"product_tag","embeddable":true,"href":"https:\/\/cecile-delachaux.fr\/index.php\/wp-json\/wp\/v2\/product_tag?post=8338"}],"curies":[{"name":"wp","href":"https:\/\/api.w.org\/{rel}","templated":true}]}}