
{"id":89,"date":"2018-12-10T23:11:18","date_gmt":"2018-12-10T22:11:18","guid":{"rendered":"https:\/\/cecile-delachaux.fr\/?post_type=product&#038;p=89"},"modified":"2026-01-09T14:20:27","modified_gmt":"2026-01-09T13:20:27","slug":"coussin","status":"publish","type":"product","link":"https:\/\/cecile-delachaux.fr\/index.php\/produit\/coussin\/","title":{"rendered":"Coussin carr\u00e9 \/ rectangulaire (sans passepoil)"},"content":{"rendered":"<p>Le coussin est enti\u00e8rement personnalisable.<\/p>\n<p>Vous pouvez choisir les tissus ainsi que les motifs de broderie (animal, objet, personnage, pr\u00e9nom, mots doux, phrase,&#8230;) dans l\u2019onglet personnalisation.<\/p>\n<p>Au recto, vous pouvez choisir un tissu, de pr\u00e9f\u00e9rence uni si vous souhaitez une broderie.<\/p>\n<p>Au verso, vous pouvez choisir un tissu \u00e0 motif ou uni.<\/p>\n<p>Broderie phosphorescente : vous pouvez choisir un fil phosphorescent pour la broderie, il s&#8217;illumine dans le noir et devient un compagnon rassurant au moment de l&#8217;endormissement des enfants.<\/p>\n<p><a href=\"https:\/\/cecile-delachaux.fr\/index.php\/personnalisation\/broderie\/broderie-sur-mesure\/\"><strong>Pr\u00e9cieux souvenirs <\/strong><\/a><em>(en option, 10 \u20ac)<\/em> :<br \/>\nUn coussin brod\u00e9 avec les empreintes (pied, main) ou les coups de crayons de vos enfants : dessins, mots manuscrits,&#8230;<\/p>\n<p>Le prix varie en fonction de la taille du coussin et du choix de la broderie.<\/p>\n<p>Si vous souhaitez une taille de coussin qui n&#8217;est pas r\u00e9f\u00e9renc\u00e9e, merci de me contacter directement.<\/p>\n<p>Le coussin de garnissage est fourni. Si vous ne souhaitez que la housse, vous pouvez passer commande sur la fiche produit &#8220;housse de coussin&#8221;.<\/p>\n<p>Le d\u00e9lai de confection standard est de 30 jours. Ce d\u00e9lai peut \u00eatre r\u00e9duit \u00e0 15 jours (avec un surco\u00fbt de 20%).<\/p>\n<p>Je reste \u00e0 votre disposition pour vous conseiller.<\/p>\n<p>N\u2019h\u00e9sitez pas \u00e0 <a href=\"mailto:contact@cecile-delachaux.fr\">me contacter<\/a> si vous avez des questions.<\/p>\n","protected":false},"excerpt":{"rendered":"<p>Le coussin est r\u00e9alis\u00e9 sur commande et est enti\u00e8rement personnalisable.<\/p>\n<p>Choisissez les tissus et motifs de broderie dans l\u2019onglet \u00ab Personnalisation \u00bb et indiquez leurs r\u00e9f\u00e9rences dans les champs pr\u00e9vus ci-dessous :<\/p>\n","protected":false},"featured_media":6210,"template":"","meta":[],"product_brand":[],"product_cat":[164,211,206,15,99],"product_tag":[],"class_list":{"0":"post-89","1":"product","2":"type-product","3":"status-publish","4":"has-post-thumbnail","6":"product_cat-coussin","7":"product_cat-coussin-decoration","8":"product_cat-decoration","9":"product_cat-tous-les-produits","10":"product_cat-chambre","11":"product_shipping_class-colis","13":"first","14":"instock","15":"shipping-taxable","16":"purchasable","17":"product-type-simple"},"exclude_global_add_ons":true,"addons":[{"name":"Choix du tissu (recto)","type":"custom_text","position":0,"required":false,"title_format":"heading","default":"","description_enable":true,"description":"Choisissez un tissu, de pr\u00e9f\u00e9rence uni si vous souhaitez une broderie : indiquez la couleur que vous souhaitez et la mati\u00e8re (lin, lin lav\u00e9, coton, double gaze\u2026) :","placeholder_enable":false,"placeholder":"","display":"select","restrictions_type":"any_text","adjust_price":false,"price":"","price_type":"flat_fee","restrictions":false,"min":"0","max":"0","options":[],"id":1701182444},{"name":"Choix du tissu (verso)","type":"custom_text","position":1,"required":false,"title_format":"heading","default":"","description_enable":true,"description":"Choisissez un tissu \u00e0 motifs en coton ou broderie anglaise.","placeholder_enable":false,"placeholder":"","display":"select","restrictions_type":"any_text","adjust_price":false,"price":"","price_type":"flat_fee","restrictions":false,"min":"0","max":"0","options":[],"id":1701182445},{"name":"Tissu Cole & Son","type":"checkbox","position":2,"required":false,"title_format":"heading","default":"","description_enable":true,"description":"Si vous choisissez d'utiliser le tissu Cole &amp; Son, merci de cocher la case suivante.","placeholder_enable":false,"placeholder":"","display":"select","restrictions_type":"any_text","adjust_price":false,"price":"","price_type":"flat_fee","restrictions":false,"min":"0","max":"0","options":[{"label":"Tissu Cole & Son","price":"10","price_type":"quantity_based","image":0,"visibility":true}],"id":1701182446},{"name":"Choix de la broderie","type":"custom_text","position":3,"required":false,"title_format":"heading","default":"","description_enable":true,"description":"Vous pouvez choisir un motif de broderie et\/ou un texte de votre choix (pr\u00e9noms, initiales, date, coordonn\u00e9es gps\u2026) en indiquant la police souhait\u00e9e et couleurs des fils, et les renseigner ci-dessous :","placeholder_enable":false,"placeholder":"","display":"select","restrictions_type":"any_text","adjust_price":false,"price":"","price_type":"flat_fee","restrictions":false,"min":"0","max":"0","options":[],"id":1701182447},{"name":"Option \"Pr\u00e9cieux souvenirs\"","type":"checkbox","position":4,"required":false,"title_format":"heading","default":"","description_enable":false,"description":"","placeholder_enable":false,"placeholder":"","display":"select","restrictions_type":"any_text","adjust_price":false,"price":"","price_type":"flat_fee","restrictions":false,"min":"0","max":"0","options":[{"label":"Pr\u00e9cieux souvenirs","price":"10","price_type":"quantity_based","image":0,"visibility":true}],"id":1701182448},{"name":"Taille","type":"multiple_choice","position":5,"required":true,"title_format":"heading","default":"","description_enable":false,"description":"","placeholder_enable":false,"placeholder":"","display":"select","restrictions_type":"any_text","adjust_price":false,"price":"","price_type":"flat_fee","restrictions":false,"min":"0","max":"0","options":[{"label":"30 x 30 cm","price":"","price_type":"flat_fee","image":0,"visibility":true},{"label":"30 x 40 cm","price":"4","price_type":"quantity_based","image":0,"visibility":true},{"label":"40 x 40 cm","price":"8","price_type":"quantity_based","image":0,"visibility":true},{"label":"30 x 50 cm","price":"8","price_type":"quantity_based","image":0,"visibility":true},{"label":"50 x 50 cm","price":"14","price_type":"quantity_based","image":0,"visibility":true},{"label":"40 x 60 cm","price":"14","price_type":"quantity_based","image":0,"visibility":true},{"label":"60 x 60 cm","price":"20","price_type":"quantity_based","image":0,"visibility":true}],"id":1701182449},{"name":"Fermeture","type":"checkbox","position":6,"required":false,"title_format":"heading","default":"","description_enable":true,"description":"Par d\u00e9faut, le coussin a une fermeture porte-feuille, mais vous pouvez choisir une fermeture invisible \u00e0 la place :","placeholder_enable":false,"placeholder":"","display":"select","restrictions_type":"any_text","adjust_price":false,"price":"","price_type":"flat_fee","restrictions":false,"min":"0","max":"0","options":[{"label":"Fermeture invisible","price":"","price_type":"quantity_based","image":0,"visibility":true}],"id":1701182450},{"name":"Pr\u00e9cisions","type":"custom_textarea","position":7,"required":false,"title_format":"heading","default":"","description_enable":true,"description":"Si vous n\u2019avez pas pu renseigner toutes les options, si vous h\u00e9sitez et avez besoin de conseils, si vous recherchez un tissu ou un motif de broderie qui ne figurent pas dans l\u2019onglet personnalisation, ou pour toute autre demande compl\u00e9mentaire, je vous invite \u00e0 noter votre demande ci-dessous.\r\nDans tous les cas, je vous contacterai pour d\u00e9finir ou finaliser les personnalisations.","placeholder_enable":false,"placeholder":"","display":"select","restrictions_type":"any_text","adjust_price":false,"price":"","price_type":"flat_fee","restrictions":false,"min":"0","max":"0","options":[],"id":1701182451}],"_links":{"self":[{"href":"https:\/\/cecile-delachaux.fr\/index.php\/wp-json\/wp\/v2\/product\/89","targetHints":{"allow":["GET"]}}],"collection":[{"href":"https:\/\/cecile-delachaux.fr\/index.php\/wp-json\/wp\/v2\/product"}],"about":[{"href":"https:\/\/cecile-delachaux.fr\/index.php\/wp-json\/wp\/v2\/types\/product"}],"wp:featuredmedia":[{"embeddable":true,"href":"https:\/\/cecile-delachaux.fr\/index.php\/wp-json\/wp\/v2\/media\/6210"}],"wp:attachment":[{"href":"https:\/\/cecile-delachaux.fr\/index.php\/wp-json\/wp\/v2\/media?parent=89"}],"wp:term":[{"taxonomy":"product_brand","embeddable":true,"href":"https:\/\/cecile-delachaux.fr\/index.php\/wp-json\/wp\/v2\/product_brand?post=89"},{"taxonomy":"product_cat","embeddable":true,"href":"https:\/\/cecile-delachaux.fr\/index.php\/wp-json\/wp\/v2\/product_cat?post=89"},{"taxonomy":"product_tag","embeddable":true,"href":"https:\/\/cecile-delachaux.fr\/index.php\/wp-json\/wp\/v2\/product_tag?post=89"}],"curies":[{"name":"wp","href":"https:\/\/api.w.org\/{rel}","templated":true}]}}