
{"id":95,"date":"2018-12-10T23:15:57","date_gmt":"2018-12-10T22:15:57","guid":{"rendered":"https:\/\/cecile-delachaux.fr\/?post_type=product&#038;p=95"},"modified":"2023-09-25T00:44:08","modified_gmt":"2023-09-24T22:44:08","slug":"protege-carnet-de-sante","status":"publish","type":"product","link":"https:\/\/cecile-delachaux.fr\/index.php\/produit\/protege-carnet-de-sante\/","title":{"rendered":"Prot\u00e8ge carnet de sant\u00e9"},"content":{"rendered":"<p>Le prot\u00e8ge carnet de sant\u00e9 permet de personnaliser et prot\u00e9ger le carnet de sant\u00e9 durablement.<\/p>\n<p>C&#8217;est une belle id\u00e9e de cadeau de naissance.<\/p>\n<p>Le d\u00e9lai de confection standard est de 30 jours. Lors de validation de votre panier, ce d\u00e9lai peut \u00eatre r\u00e9duit \u00e0 15 jours (avec un surco\u00fbt de 20%).<\/p>\n<p>Je reste \u00e0 votre disposition pour vous conseiller.<\/p>\n<p>N\u2019h\u00e9sitez pas \u00e0 me contacter directement si vous avez des questions.<\/p>\n","protected":false},"excerpt":{"rendered":"<div class=\"woocommerce-product-details__short-description\">\n<div class=\"woocommerce-product-details__short-description\">\n<p>Le prot\u00e8ge carnet de sant\u00e9 est r\u00e9alis\u00e9 sur commande et est enti\u00e8rement personnalisable.<\/p>\n<p>Choisissez les tissus et motifs de broderie dans l\u2019onglet \u00ab Personnalisation \u00bb et indiquez leurs r\u00e9f\u00e9rences dans les champs pr\u00e9vus ci-dessous :<\/p>\n<\/div>\n<\/div>\n","protected":false},"featured_media":7779,"template":"","meta":[],"product_brand":[],"product_cat":[234,225,205,224,221,222,223,226,227,172,216,220,232,231,233,229,230,228,15,102,105,109],"product_tag":[],"class_list":{"0":"post-95","1":"product","2":"type-product","3":"status-publish","4":"has-post-thumbnail","6":"product_cat-coton","7":"product_cat-double-gaze","8":"product_cat-en-balade","9":"product_cat-fermeture-cordes","10":"product_cat-fermeture-pressions","11":"product_cat-fermeture-rubans","12":"product_cat-fermeture-zip","13":"product_cat-lin","14":"product_cat-matelasse","15":"product_cat-protege-carnet-de-sante","16":"product_cat-protege-carnet-de-sante-en-balade","17":"product_cat-sans-fermeture","18":"product_cat-separation-horizontale","19":"product_cat-separation-verticale","20":"product_cat-tissu-unique","21":"product_cat-type-dattaches","22":"product_cat-type-de-format","23":"product_cat-type-de-matiere","24":"product_cat-tous-les-produits","25":"product_cat-rangements","26":"product_cat-occasions-speciales","27":"product_cat-naissance","28":"product_shipping_class-lettre-suivie","30":"first","31":"instock","32":"shipping-taxable","33":"purchasable","34":"product-type-simple"},"exclude_global_add_ons":true,"addons":[{"name":"Choix du tissu uni","type":"custom_text","position":0,"required":false,"title_format":"heading","default":"","description_enable":true,"description":"Choisissez un tissu uni : indiquez la couleur que vous souhaitez et la mati\u00e8re (matelass\u00e9, lin, lin lav\u00e9, toile de coton, coton lav\u00e9, double gaze\u2026) :","placeholder_enable":false,"placeholder":"","display":"select","restrictions_type":"any_text","adjust_price":false,"price":"","price_type":"flat_fee","restrictions":false,"min":"0","max":"0","options":[]},{"name":"Choix du tissu \u00e0 motifs","type":"custom_text","position":1,"required":false,"title_format":"heading","default":"","description_enable":true,"description":"","placeholder_enable":false,"placeholder":"","display":"select","restrictions_type":"any_text","adjust_price":false,"price":"","price_type":"flat_fee","restrictions":false,"min":"0","max":"0","options":[]},{"name":"Choix de la broderie","type":"custom_text","position":2,"required":false,"title_format":"heading","default":"","description_enable":true,"description":"Vous pouvez choisir un motif de broderie et\/ou un texte de votre choix (pr\u00e9nom, initiales, date\u2026) en indiquant la police souhait\u00e9e et couleurs des fils, et les renseigner ci-dessous :","placeholder_enable":false,"placeholder":"","display":"select","restrictions_type":"any_text","adjust_price":false,"price":"","price_type":"flat_fee","restrictions":false,"min":"0","max":"0","options":[]},{"name":"Police de caract\u00e8re","type":"custom_text","position":3,"required":false,"title_format":"heading","default":"","description_enable":false,"description":"","placeholder_enable":false,"placeholder":"","display":"select","restrictions_type":"any_text","adjust_price":false,"price":"","price_type":"flat_fee","restrictions":false,"min":"0","max":"0","options":[]},{"name":"Couleur des fils","type":"custom_text","position":4,"required":false,"title_format":"heading","default":"","description_enable":false,"description":"","placeholder_enable":false,"placeholder":"","display":"select","restrictions_type":"any_text","adjust_price":false,"price":"","price_type":"flat_fee","restrictions":false,"min":"0","max":"0","options":[]},{"name":"Format","type":"multiple_choice","position":5,"required":true,"title_format":"heading","default":"","description_enable":true,"description":"Indiquez si vous souhaitez un ou deux tissus.\r\nSi vous prenez deux tissus, renseignez si vous voulez la s\u00e9paration verticale ou horizontale des tissus :","placeholder_enable":false,"placeholder":"","display":"select","restrictions_type":"any_text","adjust_price":false,"price":"","price_type":"flat_fee","restrictions":false,"min":"0","max":"0","options":[{"label":"S\u00e9paration verticale","price":"","price_type":"flat_fee","image":0,"visibility":true},{"label":"S\u00e9paration horizontale","price":"","price_type":"flat_fee","image":0,"visibility":true},{"label":"Un seul tissu","price":"","price_type":"flat_fee","image":0,"visibility":true}]},{"name":"Passepoil","type":"multiple_choice","position":6,"required":true,"title_format":"heading","default":"","description_enable":false,"description":"","placeholder_enable":false,"placeholder":"","display":"radiobutton","restrictions_type":"any_text","adjust_price":false,"price":"","price_type":"flat_fee","restrictions":false,"min":"0","max":"0","options":[{"label":"Oui","price":"","price_type":"flat_fee","image":0,"visibility":true},{"label":"Non","price":"","price_type":"flat_fee","image":0,"visibility":true}]},{"name":"Couleur du passepoil","type":"custom_text","position":7,"required":false,"title_format":"heading","default":"","description_enable":true,"description":"Si vous avez une pr\u00e9f\u00e9rence, indiquez la couleur que vous souhaiteriez :","placeholder_enable":false,"placeholder":"","display":"select","restrictions_type":"any_text","adjust_price":false,"price":"","price_type":"flat_fee","restrictions":false,"min":"0","max":"0","options":[]},{"name":"Option attache","type":"multiple_choice","position":8,"required":true,"title_format":"heading","default":"","description_enable":true,"description":"Vous pouvez choisir un type d'attache :","placeholder_enable":false,"placeholder":"","display":"select","restrictions_type":"any_text","adjust_price":false,"price":"","price_type":"flat_fee","restrictions":false,"min":"0","max":"0","options":[{"label":"Sans attache","price":"","price_type":"flat_fee","image":0,"visibility":true},{"label":"Cordes","price":"","price_type":"flat_fee","image":0,"visibility":true},{"label":"Rubans","price":"","price_type":"flat_fee","image":0,"visibility":true},{"label":"Pression","price":"","price_type":"flat_fee","image":0,"visibility":true},{"label":"Zip","price":"10","price_type":"quantity_based","image":0,"visibility":true}]},{"name":"Autres pr\u00e9cisions","type":"custom_textarea","position":9,"required":false,"title_format":"heading","default":"","description_enable":true,"description":"Si vous n\u2019avez pas pu renseigner toutes les options, si vous h\u00e9sitez et avez besoin de conseils, si vous recherchez un tissu ou un motif de broderie qui ne figurent pas dans l\u2019onglet personnalisation, ou pour toute autre demande compl\u00e9mentaire, je vous invite \u00e0 noter votre demande ci-dessous.\r\nDans tous les cas, je vous contacterai pour d\u00e9finir ou finaliser les personnalisations.","placeholder_enable":false,"placeholder":"","display":"select","restrictions_type":"any_text","adjust_price":false,"price":"","price_type":"flat_fee","restrictions":false,"min":"0","max":"0","options":[]}],"_links":{"self":[{"href":"https:\/\/cecile-delachaux.fr\/index.php\/wp-json\/wp\/v2\/product\/95","targetHints":{"allow":["GET"]}}],"collection":[{"href":"https:\/\/cecile-delachaux.fr\/index.php\/wp-json\/wp\/v2\/product"}],"about":[{"href":"https:\/\/cecile-delachaux.fr\/index.php\/wp-json\/wp\/v2\/types\/product"}],"wp:featuredmedia":[{"embeddable":true,"href":"https:\/\/cecile-delachaux.fr\/index.php\/wp-json\/wp\/v2\/media\/7779"}],"wp:attachment":[{"href":"https:\/\/cecile-delachaux.fr\/index.php\/wp-json\/wp\/v2\/media?parent=95"}],"wp:term":[{"taxonomy":"product_brand","embeddable":true,"href":"https:\/\/cecile-delachaux.fr\/index.php\/wp-json\/wp\/v2\/product_brand?post=95"},{"taxonomy":"product_cat","embeddable":true,"href":"https:\/\/cecile-delachaux.fr\/index.php\/wp-json\/wp\/v2\/product_cat?post=95"},{"taxonomy":"product_tag","embeddable":true,"href":"https:\/\/cecile-delachaux.fr\/index.php\/wp-json\/wp\/v2\/product_tag?post=95"}],"curies":[{"name":"wp","href":"https:\/\/api.w.org\/{rel}","templated":true}]}}