
{"id":98,"date":"2018-12-10T23:18:38","date_gmt":"2018-12-10T22:18:38","guid":{"rendered":"https:\/\/cecile-delachaux.fr\/?post_type=product&#038;p=98"},"modified":"2026-01-09T14:20:26","modified_gmt":"2026-01-09T13:20:26","slug":"protege-livret-de-famille","status":"publish","type":"product","link":"https:\/\/cecile-delachaux.fr\/index.php\/produit\/protege-livret-de-famille\/","title":{"rendered":"Prot\u00e8ge livret de famille"},"content":{"rendered":"<p>Le prot\u00e8ge livret de famille permet de prot\u00e9ger et embellir votre livret de famille.<\/p>\n<p>C\u2019est une belle id\u00e9e de cadeau de mariage, naissance ou anniversaire de mariage.<\/p>\n<p>Il est adapt\u00e9 pour des livrets de famille civils ou religieux au format standard (10x21cm sans couverture et 11x22cm avec couverture).<\/p>\n<p>Si votre livret de famille religieux a un format diff\u00e9rent (13x19cm ou autre), merci d&#8217;aller sur la fiche produit \u00ab <a href=\"https:\/\/cecile-delachaux.fr\/index.php\/produit\/protege-livret-de-famille-religieux-non-standard\/\">Prot\u00e8ge livret de famille non standard<\/a> \u00bb.<\/p>\n<p>Dans le cas o\u00f9 votre livret aurait des dimensions non mentionn\u00e9es, veuillez me contacter directement.<\/p>\n<p>Le d\u00e9lai de confection standard est de 30 jours. Lors de validation de votre panier, ce d\u00e9lai peut \u00eatre r\u00e9duit \u00e0 15 jours (avec un surco\u00fbt de 20%).<\/p>\n<p>Je reste \u00e0 votre disposition pour vous conseiller.<\/p>\n<p>N\u2019h\u00e9sitez pas \u00e0 me contacter directement si vous avez des questions.<\/p>\n","protected":false},"excerpt":{"rendered":"<div class=\"woocommerce-product-details__short-description\">\n<p>Format standard.<\/p>\n<p>Le prot\u00e8ge livret de famille est r\u00e9alis\u00e9 sur commande et est enti\u00e8rement personnalisable.<\/p>\n<p>Choisissez les tissus et motifs de broderie dans l\u2019onglet \u00ab Personnalisation \u00bb et indiquez leurs r\u00e9f\u00e9rences dans les champs pr\u00e9vus ci-dessous :<\/p>\n<\/div>\n","protected":false},"featured_media":2984,"template":"","meta":[],"product_brand":[],"product_cat":[170,15,108,109],"product_tag":[],"class_list":{"0":"post-98","1":"product","2":"type-product","3":"status-publish","4":"has-post-thumbnail","6":"product_cat-protege-livret-de-famille","7":"product_cat-tous-les-produits","8":"product_cat-mariage","9":"product_cat-naissance","10":"product_shipping_class-lettre-suivie","12":"first","13":"instock","14":"shipping-taxable","15":"purchasable","16":"product-type-simple"},"exclude_global_add_ons":true,"addons":[{"name":"Choix du tissu uni","type":"custom_text","position":0,"required":false,"title_format":"heading","default":"","description_enable":true,"description":"Choisissez un tissu uni : indiquez la couleur que vous souhaitez et la mati\u00e8re (lin, lin lav\u00e9, toile de coton, coton lav\u00e9, double gaze\u2026) :","placeholder_enable":false,"placeholder":"","display":"select","restrictions_type":"any_text","adjust_price":false,"price":"","price_type":"flat_fee","restrictions":false,"min":"0","max":"0","options":[],"id":1705057369},{"name":"Choix du tissu \u00e0 motifs","type":"custom_text","position":1,"required":false,"title_format":"heading","default":"","description_enable":false,"description":"","placeholder_enable":false,"placeholder":"","display":"select","restrictions_type":"any_text","adjust_price":false,"price":"","price_type":"flat_fee","restrictions":false,"min":"0","max":"0","options":[],"id":1705057370},{"name":"Format","type":"multiple_choice","position":2,"required":true,"title_format":"heading","default":"","description_enable":true,"description":"Indiquez si vous souhaitez un ou deux tissus.\r\nSi vous prenez deux tissus, renseignez si vous voulez la s\u00e9paration verticale ou horizontale des tissus :","placeholder_enable":false,"placeholder":"","display":"select","restrictions_type":"any_text","adjust_price":false,"price":"","price_type":"flat_fee","restrictions":false,"min":"0","max":"0","options":[{"label":"S\u00e9paration verticale","price":"","price_type":"flat_fee","image":0,"visibility":true},{"label":"S\u00e9paration horizontale","price":"","price_type":"flat_fee","image":0,"visibility":true},{"label":"Un seul tissu","price":"","price_type":"flat_fee","image":0,"visibility":true}],"id":1705057371},{"name":"Choix de la broderie","type":"custom_text","position":3,"required":false,"title_format":"heading","default":"","description_enable":true,"description":"Vous pouvez choisir un motif de broderie et\/ou un texte de votre choix (nom de famille, pr\u00e9noms, initiales, date\u2026) en indiquant la couleurs des fils, et les renseigner ci-dessous :","placeholder_enable":false,"placeholder":"","display":"select","restrictions_type":"any_text","adjust_price":false,"price":"","price_type":"flat_fee","restrictions":false,"min":"0","max":"0","options":[],"id":1705057372},{"name":"Nom de famille","type":"custom_text","position":4,"required":false,"title_format":"heading","default":"","description_enable":false,"description":"","placeholder_enable":false,"placeholder":"","display":"select","restrictions_type":"any_text","adjust_price":false,"price":"","price_type":"flat_fee","restrictions":false,"min":"0","max":"0","options":[],"id":1705057373},{"name":"Passepoil","type":"multiple_choice","position":5,"required":true,"title_format":"heading","default":"","description_enable":false,"description":"","placeholder_enable":false,"placeholder":"","display":"radiobutton","restrictions_type":"any_text","adjust_price":false,"price":"","price_type":"flat_fee","restrictions":false,"min":"0","max":"0","options":[{"label":"Avec","price":"","price_type":"flat_fee","image":0,"visibility":true},{"label":"Sans","price":"","price_type":"flat_fee","image":0,"visibility":true}],"id":1705057374},{"name":"Couleur du passepoil","type":"custom_text","position":6,"required":false,"title_format":"heading","default":"","description_enable":true,"description":"Si vous avez une pr\u00e9f\u00e9rence, indiquez la couleur que vous souhaiteriez (la broderie sera de la m\u00eame couleur) :","placeholder_enable":false,"placeholder":"","display":"select","restrictions_type":"any_text","adjust_price":false,"price":"","price_type":"flat_fee","restrictions":false,"min":"0","max":"0","options":[],"id":1705057375},{"name":"Option Rubans","type":"multiple_choice","position":7,"required":true,"title_format":"heading","default":"","description_enable":true,"description":"Vous pouvez ajouter des rubans \u00e0 nouer sur le c\u00f4t\u00e9.","placeholder_enable":false,"placeholder":"","display":"radiobutton","restrictions_type":"any_text","adjust_price":false,"price":"","price_type":"flat_fee","restrictions":false,"min":"0","max":"0","options":[{"label":"Avec","price":"","price_type":"flat_fee","image":0,"visibility":true},{"label":"Sans","price":"","price_type":"flat_fee","image":0,"visibility":true}],"id":1705057376},{"name":"Autres pr\u00e9cisions","type":"custom_textarea","position":8,"required":false,"title_format":"heading","default":"","description_enable":true,"description":"Si vous n\u2019avez pas pu renseigner toutes les options, si vous h\u00e9sitez et avez besoin de conseils, si vous recherchez un tissu ou un motif de broderie qui ne figurent pas dans l\u2019onglet personnalisation, ou pour toute autre demande compl\u00e9mentaire, je vous invite \u00e0 noter votre demande ci-dessous.\r\nDans tous les cas, je vous contacterai pour d\u00e9finir ou finaliser les personnalisations.","placeholder_enable":false,"placeholder":"","display":"select","restrictions_type":"any_text","adjust_price":false,"price":"","price_type":"flat_fee","restrictions":false,"min":"0","max":"0","options":[],"id":1705057377}],"_links":{"self":[{"href":"https:\/\/cecile-delachaux.fr\/index.php\/wp-json\/wp\/v2\/product\/98","targetHints":{"allow":["GET"]}}],"collection":[{"href":"https:\/\/cecile-delachaux.fr\/index.php\/wp-json\/wp\/v2\/product"}],"about":[{"href":"https:\/\/cecile-delachaux.fr\/index.php\/wp-json\/wp\/v2\/types\/product"}],"wp:featuredmedia":[{"embeddable":true,"href":"https:\/\/cecile-delachaux.fr\/index.php\/wp-json\/wp\/v2\/media\/2984"}],"wp:attachment":[{"href":"https:\/\/cecile-delachaux.fr\/index.php\/wp-json\/wp\/v2\/media?parent=98"}],"wp:term":[{"taxonomy":"product_brand","embeddable":true,"href":"https:\/\/cecile-delachaux.fr\/index.php\/wp-json\/wp\/v2\/product_brand?post=98"},{"taxonomy":"product_cat","embeddable":true,"href":"https:\/\/cecile-delachaux.fr\/index.php\/wp-json\/wp\/v2\/product_cat?post=98"},{"taxonomy":"product_tag","embeddable":true,"href":"https:\/\/cecile-delachaux.fr\/index.php\/wp-json\/wp\/v2\/product_tag?post=98"}],"curies":[{"name":"wp","href":"https:\/\/api.w.org\/{rel}","templated":true}]}}